Last updated on 2025-10-22 09:50:37 CEST.
Flavor | Version | Tinstall | Tcheck | Ttotal | Status | Flags |
---|---|---|---|---|---|---|
r-devel-linux-x86_64-debian-clang | 1.6.0 | 27.65 | 126.26 | 153.91 | NOTE | |
r-devel-linux-x86_64-debian-gcc | 1.6.0 | 22.76 | 78.98 | 101.74 | NOTE | |
r-devel-linux-x86_64-fedora-clang | 1.6.0 | 48.00 | 159.32 | 207.32 | OK | |
r-devel-linux-x86_64-fedora-gcc | 1.6.0 | 65.00 | 164.40 | 229.40 | OK | |
r-devel-windows-x86_64 | 1.6.0 | 39.00 | 157.00 | 196.00 | OK | |
r-patched-linux-x86_64 | 1.6.0 | 31.15 | 112.64 | 143.79 | OK | |
r-release-linux-x86_64 | 1.6.0 | 28.71 | 113.17 | 141.88 | OK | |
r-release-macos-arm64 | 1.6.0 | 26.00 | 125.00 | 151.00 | OK | |
r-release-macos-x86_64 | 1.6.0 | 41.00 | 140.00 | 181.00 | OK | |
r-release-windows-x86_64 | 1.6.0 | 41.00 | 164.00 | 205.00 | OK | |
r-oldrel-macos-arm64 | 1.6.0 | 19.00 | 87.00 | 106.00 | OK | |
r-oldrel-macos-x86_64 | 1.6.0 | 41.00 | 125.00 | 166.00 | OK | |
r-oldrel-windows-x86_64 | 1.6.0 | 40.00 | 193.00 | 233.00 | OK |
Version: 1.6.0
Check: HTML version of manual
Result: NOTE
Found the following HTML validation problems:
print.KFS.html:60:1 (print.KFS.Rd:17): Warning: missing </ul> before </div>
print.SSModel.html:51:1 (print.SSModel.Rd:12): Warning: missing </ul> before </div>
Flavors: r-devel-linux-x86_64-debian-clang, r-devel-linux-x86_64-debian-gcc