Last updated on 2025-10-22 09:50:37 CEST.
Flavor | Version | Tinstall | Tcheck | Ttotal | Status | Flags |
---|---|---|---|---|---|---|
r-devel-linux-x86_64-debian-clang | 2.4.1 | 18.27 | 88.30 | 106.57 | NOTE | |
r-devel-linux-x86_64-debian-gcc | 2.4.1 | 11.63 | 58.18 | 69.81 | NOTE | |
r-devel-linux-x86_64-fedora-clang | 2.4.1 | 91.00 | 88.10 | 179.10 | OK | |
r-devel-linux-x86_64-fedora-gcc | 2.4.1 | 38.00 | 115.89 | 153.89 | OK | |
r-devel-windows-x86_64 | 2.4.1 | 21.00 | 102.00 | 123.00 | OK | |
r-patched-linux-x86_64 | 2.4.1 | 16.46 | 85.11 | 101.57 | OK | |
r-release-linux-x86_64 | 2.4.1 | 15.43 | 84.15 | 99.58 | OK | |
r-release-macos-arm64 | 2.4.1 | 7.00 | 33.00 | 40.00 | OK | |
r-release-macos-x86_64 | 2.4.1 | 14.00 | 63.00 | 77.00 | OK | |
r-release-windows-x86_64 | 2.4.1 | 22.00 | 108.00 | 130.00 | OK | |
r-oldrel-macos-arm64 | 2.4.1 | 6.00 | 32.00 | 38.00 | OK | |
r-oldrel-macos-x86_64 | 2.4.1 | 12.00 | 48.00 | 60.00 | OK | |
r-oldrel-windows-x86_64 | 2.4.1 | 30.00 | 130.00 | 160.00 | OK |
Version: 2.4.1
Check: HTML version of manual
Result: NOTE
Found the following HTML validation problems:
separateEntry.html:68:1 (separateEntry.Rd:26): Warning: missing </ul> before </div>
Flavors: r-devel-linux-x86_64-debian-clang, r-devel-linux-x86_64-debian-gcc