Last updated on 2025-10-22 09:50:37 CEST.
Flavor | Version | Tinstall | Tcheck | Ttotal | Status | Flags |
---|---|---|---|---|---|---|
r-devel-linux-x86_64-debian-clang | 1.0.0 | 6.25 | 70.93 | 77.18 | NOTE | |
r-devel-linux-x86_64-debian-gcc | 1.0.0 | 4.59 | 53.03 | 57.62 | NOTE | |
r-devel-linux-x86_64-fedora-clang | 1.0.0 | 15.00 | 110.57 | 125.57 | OK | |
r-devel-linux-x86_64-fedora-gcc | 1.0.0 | 15.00 | 119.96 | 134.96 | OK | |
r-devel-windows-x86_64 | 1.0.0 | 11.00 | 99.00 | 110.00 | OK | |
r-patched-linux-x86_64 | 1.0.0 | 6.02 | 67.93 | 73.95 | OK | |
r-release-linux-x86_64 | 1.0.0 | 6.39 | 67.87 | 74.26 | OK | |
r-release-macos-arm64 | 1.0.0 | 6.00 | 58.00 | 64.00 | OK | |
r-release-macos-x86_64 | 1.0.0 | 7.00 | 89.00 | 96.00 | OK | |
r-release-windows-x86_64 | 1.0.0 | 11.00 | 100.00 | 111.00 | OK | |
r-oldrel-macos-arm64 | 1.0.0 | 5.00 | 38.00 | 43.00 | OK | |
r-oldrel-macos-x86_64 | 1.0.0 | 6.00 | 62.00 | 68.00 | OK | |
r-oldrel-windows-x86_64 | 1.0.0 | 15.00 | 115.00 | 130.00 | OK |
Version: 1.0.0
Check: HTML version of manual
Result: NOTE
Found the following HTML validation problems:
print.LAR.html:65:1 (print.LAR.Rd:22): Warning: missing </ul> before </div>
summary.LAR.html:65:1 (summary.LAR.Rd:22): Warning: missing </ul> before </div>
Flavors: r-devel-linux-x86_64-debian-clang, r-devel-linux-x86_64-debian-gcc