Last updated on 2025-10-22 09:50:38 CEST.
Flavor | Version | Tinstall | Tcheck | Ttotal | Status | Flags |
---|---|---|---|---|---|---|
r-devel-linux-x86_64-debian-clang | 0.4.14 | 16.92 | 32.81 | 49.73 | NOTE | |
r-devel-linux-x86_64-debian-gcc | 0.4.14 | 13.81 | 26.47 | 40.28 | NOTE | |
r-devel-linux-x86_64-fedora-clang | 0.4.14 | 44.00 | 48.54 | 92.54 | OK | |
r-devel-linux-x86_64-fedora-gcc | 0.4.14 | 46.00 | 37.63 | 83.63 | OK | |
r-devel-windows-x86_64 | 0.4.14 | 24.00 | 58.00 | 82.00 | OK | |
r-patched-linux-x86_64 | 0.4.14 | 19.31 | 31.45 | 50.76 | OK | |
r-release-linux-x86_64 | 0.4.14 | 17.92 | 31.44 | 49.36 | OK | |
r-release-macos-arm64 | 0.4.14 | 12.00 | 19.00 | 31.00 | OK | |
r-release-macos-x86_64 | 0.4.14 | 18.00 | 32.00 | 50.00 | OK | |
r-release-windows-x86_64 | 0.4.14 | 24.00 | 61.00 | 85.00 | OK | |
r-oldrel-macos-arm64 | 0.4.14 | 11.00 | 19.00 | 30.00 | OK | |
r-oldrel-macos-x86_64 | 0.4.14 | 12.00 | 25.00 | 37.00 | OK | |
r-oldrel-windows-x86_64 | 0.4.14 | 21.00 | 61.00 | 82.00 | OK |
Version: 0.4.14
Check: CRAN incoming feasibility
Result: NOTE
Maintainer: ‘Daniel Manrique-Vallier <dmanriqu@indiana.edu>’
No Authors@R field in DESCRIPTION.
Please add one, modifying
Authors@R: person(given = "Daniel",
family = "Manrique-Vallier",
role = c("aut", "cre"),
email = "dmanriqu@indiana.edu")
as necessary.
Flavors: r-devel-linux-x86_64-debian-clang, r-devel-linux-x86_64-debian-gcc
Version: 0.4.14
Check: HTML version of manual
Result: NOTE
Found the following HTML validation problems:
MCMCenviron.html:124:1 (MCMCenviron.Rd:75): Warning: <h4> anchor "Arguments" already defined
MCMCenviron.html:138:1 (MCMCenviron.Rd:82): Warning: <h4> anchor "Arguments" already defined
MCMCenviron.html:149:1 (MCMCenviron.Rd:87): Warning: <h4> anchor "Value" already defined
MCMCenviron.html:173:1 (MCMCenviron.Rd:98): Warning: <h4> anchor "Warning" already defined
Flavors: r-devel-linux-x86_64-debian-clang, r-devel-linux-x86_64-debian-gcc