Last updated on 2025-10-22 09:50:38 CEST.
Flavor | Version | Tinstall | Tcheck | Ttotal | Status | Flags |
---|---|---|---|---|---|---|
r-devel-linux-x86_64-debian-clang | 0.2.1 | 346.81 | 443.75 | 790.56 | OK | |
r-devel-linux-x86_64-debian-gcc | 0.2.1 | 317.70 | 275.12 | 592.82 | OK | |
r-devel-linux-x86_64-fedora-clang | 0.2.1 | 600.00 | 589.93 | 1189.93 | NOTE | |
r-devel-linux-x86_64-fedora-gcc | 0.2.1 | 1020.00 | 438.97 | 1458.97 | NOTE | |
r-devel-windows-x86_64 | 0.2.1 | 353.00 | 395.00 | 748.00 | OK | |
r-patched-linux-x86_64 | 0.2.1 | 370.21 | 448.71 | 818.92 | OK | |
r-release-linux-x86_64 | 0.2.1 | 393.57 | 446.89 | 840.46 | OK | |
r-release-macos-arm64 | 0.2.1 | 126.00 | 77.00 | 203.00 | OK | |
r-release-macos-x86_64 | 0.2.1 | 320.00 | 197.00 | 517.00 | OK | |
r-release-windows-x86_64 | 0.2.1 | 350.00 | 407.00 | 757.00 | OK | |
r-oldrel-macos-arm64 | 0.2.1 | 139.00 | 111.00 | 250.00 | NOTE | |
r-oldrel-macos-x86_64 | 0.2.1 | 343.00 | 290.00 | 633.00 | NOTE | |
r-oldrel-windows-x86_64 | 0.2.1 | 402.00 | 560.00 | 962.00 | NOTE |
Version: 0.2.1
Check: dependencies in R code
Result: NOTE
Namespaces in Imports field not imported from:
‘RcppParallel’ ‘rstantools’
All declared Imports should be used.
Flavors: r-devel-linux-x86_64-fedora-clang, r-devel-linux-x86_64-fedora-gcc
Version: 0.2.1
Check: installed package size
Result: NOTE
installed size is 99.6Mb
sub-directories of 1Mb or more:
libs 98.6Mb
Flavors: r-oldrel-macos-arm64, r-oldrel-macos-x86_64
Version: 0.2.1
Check: for GNU extensions in Makefiles
Result: NOTE
GNU make is a SystemRequirements.
Flavors: r-oldrel-macos-arm64, r-oldrel-macos-x86_64, r-oldrel-windows-x86_64