CRAN Package Check Results for Package LNIRT

Last updated on 2025-10-22 09:50:38 CEST.

Flavor Version Tinstall Tcheck Ttotal Status Flags
r-devel-linux-x86_64-debian-clang 0.5.1 9.25 44.26 53.51 NOTE
r-devel-linux-x86_64-debian-gcc 0.5.1 5.99 30.58 36.57 NOTE
r-devel-linux-x86_64-fedora-clang 0.5.1 17.00 64.14 81.14 OK
r-devel-linux-x86_64-fedora-gcc 0.5.1 21.00 57.36 78.36 OK
r-devel-windows-x86_64 0.5.1 9.00 54.00 63.00 OK
r-patched-linux-x86_64 0.5.1 9.52 42.08 51.60 OK
r-release-linux-x86_64 0.5.1 8.96 41.59 50.55 OK
r-release-macos-arm64 0.5.1 4.00 25.00 29.00 OK
r-release-macos-x86_64 0.5.1 9.00 39.00 48.00 OK
r-release-windows-x86_64 0.5.1 9.00 56.00 65.00 OK
r-oldrel-macos-arm64 0.5.1 4.00 18.00 22.00 OK
r-oldrel-macos-x86_64 0.5.1 6.00 30.00 36.00 OK
r-oldrel-windows-x86_64 0.5.1 11.00 67.00 78.00 OK

Check Details

Version: 0.5.1
Check: CRAN incoming feasibility
Result: NOTE Maintainer: ‘Konrad Klotzke <omd.bms.utwente.stats@gmail.com>’ No Authors@R field in DESCRIPTION. Please add one, modifying Authors@R: c(person(given = "Jean-Paul", family = "Fox", role = "aut"), person(given = "Konrad", family = "Klotzke", role = c("aut", "cre"), email = "omd.bms.utwente.stats@gmail.com"), person(given = c("Rinke", "Klein"), family = "Entink", role = "aut")) as necessary. Flavors: r-devel-linux-x86_64-debian-clang, r-devel-linux-x86_64-debian-gcc

Version: 0.5.1
Check: HTML version of manual
Result: NOTE Found the following HTML validation problems: summaryIRTQ.html:50:1 (summaryIRTQ.Rd:12): Warning: missing </ul> before </div> Flavors: r-devel-linux-x86_64-debian-clang, r-devel-linux-x86_64-debian-gcc