CRAN Package Check Results for Package LSE

Last updated on 2025-10-23 09:50:49 CEST.

Flavor Version Tinstall Tcheck Ttotal Status Flags
r-devel-linux-x86_64-debian-clang 1.0.0 1.87 22.08 23.95 NOTE
r-devel-linux-x86_64-debian-gcc 1.0.0 1.39 18.37 19.76 NOTE
r-devel-linux-x86_64-fedora-clang 1.0.0 34.90 OK
r-devel-linux-x86_64-fedora-gcc 1.0.0 33.48 OK
r-devel-windows-x86_64 1.0.0 4.00 41.00 45.00 OK
r-patched-linux-x86_64 1.0.0 1.65 20.93 22.58 OK
r-release-linux-x86_64 1.0.0 1.71 20.97 22.68 OK
r-release-macos-arm64 1.0.0 1.00 16.00 17.00 OK
r-release-macos-x86_64 1.0.0 2.00 22.00 24.00 OK
r-release-windows-x86_64 1.0.0 3.00 42.00 45.00 OK
r-oldrel-macos-arm64 1.0.0 1.00 15.00 16.00 OK
r-oldrel-macos-x86_64 1.0.0 2.00 19.00 21.00 OK
r-oldrel-windows-x86_64 1.0.0 3.00 46.00 49.00 OK

Check Details

Version: 1.0.0
Check: CRAN incoming feasibility
Result: NOTE Maintainer: ‘Sergio Andrés Cabrera Miranda <sergio05acm@gmail.com>’ No Authors@R field in DESCRIPTION. Please add one, modifying Authors@R: c(person(given = c("Sergio", "Andrés", "Cabrera"), family = "Miranda", role = c("aut", "cre"), email = "https://orcid.org/0000-0002-8126-8521"), person(given = c("Juan", "Gabriel", "Triana"), family = "Laverde", role = "aut", email = "https://orcid.org/0000-0003-2991-6082")) as necessary. Flavors: r-devel-linux-x86_64-debian-clang, r-devel-linux-x86_64-debian-gcc