CRAN Package Check Results for Package LSPFP

Last updated on 2025-10-22 09:50:39 CEST.

Flavor Version Tinstall Tcheck Ttotal Status Flags
r-devel-linux-x86_64-debian-clang 1.0.3 6.93 45.01 51.94 NOTE
r-devel-linux-x86_64-debian-gcc 1.0.3 4.02 32.43 36.45 NOTE
r-devel-linux-x86_64-fedora-clang 1.0.3 14.00 63.74 77.74 OK
r-devel-linux-x86_64-fedora-gcc 1.0.3 16.00 57.68 73.68 OK
r-devel-windows-x86_64 1.0.3 7.00 55.00 62.00 OK
r-patched-linux-x86_64 1.0.3 6.04 41.90 47.94 OK
r-release-linux-x86_64 1.0.3 5.54 41.76 47.30 OK
r-release-macos-arm64 1.0.3 3.00 35.00 38.00 OK
r-release-macos-x86_64 1.0.3 5.00 36.00 41.00 OK
r-release-windows-x86_64 1.0.3 8.00 57.00 65.00 OK
r-oldrel-macos-arm64 1.0.3 3.00 21.00 24.00 OK
r-oldrel-macos-x86_64 1.0.3 4.00 30.00 34.00 OK
r-oldrel-windows-x86_64 1.0.3 15.00 68.00 83.00 OK

Check Details

Version: 1.0.3
Check: CRAN incoming feasibility
Result: NOTE Maintainer: ‘Gereon Poschmann <gereon.poschmann@hhu.de>’ No Authors@R field in DESCRIPTION. Please add one, modifying Authors@R: c(person(given = "Rafael", family = "Dellen", role = "aut"), person(given = c("with", "contributions", "of", "Fabian"), family = "Kruse", role = "aut"), person(given = "Gereon", family = "Poschmann", role = "cre", email = "gereon.poschmann@hhu.de")) as necessary. Flavors: r-devel-linux-x86_64-debian-clang, r-devel-linux-x86_64-debian-gcc