Last updated on 2025-10-22 09:50:38 CEST.
Flavor | Version | Tinstall | Tcheck | Ttotal | Status | Flags |
---|---|---|---|---|---|---|
r-devel-linux-x86_64-debian-clang | 1.0.0 | 10.79 | 135.39 | 146.18 | NOTE | |
r-devel-linux-x86_64-debian-gcc | 1.0.0 | 8.15 | 89.45 | 97.60 | NOTE | |
r-devel-linux-x86_64-fedora-clang | 1.0.0 | 27.00 | 203.55 | 230.55 | OK | |
r-devel-linux-x86_64-fedora-gcc | 1.0.0 | 33.00 | 205.35 | 238.35 | OK | |
r-devel-windows-x86_64 | 1.0.0 | 13.00 | 136.00 | 149.00 | OK | |
r-patched-linux-x86_64 | 1.0.0 | 11.92 | 116.79 | 128.71 | OK | |
r-release-linux-x86_64 | 1.0.0 | 11.39 | 126.04 | 137.43 | OK | |
r-release-macos-arm64 | 1.0.0 | 9.00 | 124.00 | 133.00 | OK | |
r-release-macos-x86_64 | 1.0.0 | 13.00 | 169.00 | 182.00 | OK | |
r-release-windows-x86_64 | 1.0.0 | 14.00 | 138.00 | 152.00 | OK | |
r-oldrel-macos-arm64 | 1.0.0 | 6.00 | 70.00 | 76.00 | OK | |
r-oldrel-macos-x86_64 | 1.0.0 | 8.00 | 111.00 | 119.00 | OK | |
r-oldrel-windows-x86_64 | 1.0.0 | 18.00 | 170.00 | 188.00 | OK |
Version: 1.0.0
Check: HTML version of manual
Result: NOTE
Found the following HTML validation problems:
LNToutput_methods.html:81:1 (LNToutput_methods.Rd:33): Warning: missing </ul> before </div>
Flavors: r-devel-linux-x86_64-debian-clang, r-devel-linux-x86_64-debian-gcc