Last updated on 2025-07-04 09:49:55 CEST.
Flavor | Version | Tinstall | Tcheck | Ttotal | Status | Flags |
---|---|---|---|---|---|---|
r-devel-linux-x86_64-debian-clang | 0.4 | 7.96 | 46.04 | 54.00 | NOTE | |
r-devel-linux-x86_64-debian-gcc | 0.4 | 6.26 | 35.35 | 41.61 | NOTE | |
r-devel-linux-x86_64-fedora-clang | 0.4 | 84.98 | OK | |||
r-devel-linux-x86_64-fedora-gcc | 0.4 | 85.82 | OK | |||
r-devel-windows-x86_64 | 0.4 | 9.00 | 65.00 | 74.00 | OK | |
r-patched-linux-x86_64 | 0.4 | 8.87 | 44.28 | 53.15 | OK | |
r-release-linux-x86_64 | 0.4 | 8.33 | 43.54 | 51.87 | OK | |
r-release-macos-arm64 | 0.4 | 34.00 | OK | |||
r-release-macos-x86_64 | 0.4 | 53.00 | OK | |||
r-release-windows-x86_64 | 0.4 | 9.00 | 64.00 | 73.00 | OK | |
r-oldrel-macos-arm64 | 0.4 | 31.00 | OK | |||
r-oldrel-macos-x86_64 | 0.4 | 57.00 | OK | |||
r-oldrel-windows-x86_64 | 0.4 | 12.00 | 73.00 | 85.00 | OK |
Version: 0.4
Check: CRAN incoming feasibility
Result: NOTE
Maintainer: ‘Jenise Swall <jswall@vcu.edu>’
No Authors@R field in DESCRIPTION.
Please add one, modifying
Authors@R: person(given = "Jenise",
family = "Swall",
role = c("aut", "cre"),
email = "jswall@vcu.edu")
as necessary.
Flavors: r-devel-linux-x86_64-debian-clang, r-devel-linux-x86_64-debian-gcc