CRAN Package Check Results for Package MAGEE

Last updated on 2025-10-22 09:50:39 CEST.

Flavor Version Tinstall Tcheck Ttotal Status Flags
r-devel-linux-x86_64-debian-clang 1.4.3 54.63 165.06 219.69 WARN
r-devel-linux-x86_64-debian-gcc 1.4.3 42.93 128.35 171.28 WARN
r-devel-linux-x86_64-fedora-clang 1.4.4 122.00 243.76 365.76 OK
r-devel-linux-x86_64-fedora-gcc 1.4.4 236.00 145.77 381.77 OK
r-devel-windows-x86_64 1.4.3 78.00 184.00 262.00 WARN
r-patched-linux-x86_64 1.4.3 52.97 159.06 212.03 WARN
r-release-linux-x86_64 1.4.3 58.69 160.83 219.52 WARN
r-release-macos-arm64 1.4.4 30.00 46.00 76.00 OK
r-release-macos-x86_64 1.4.4 58.00 108.00 166.00 OK
r-release-windows-x86_64 1.4.4 88.00 256.00 344.00 OK
r-oldrel-macos-arm64 1.4.4 36.00 127.00 163.00 NOTE
r-oldrel-macos-x86_64 1.4.4 76.00 174.00 250.00 NOTE
r-oldrel-windows-x86_64 1.4.4 83.00 246.00 329.00 NOTE

Check Details

Version: 1.4.3
Check: whether package can be installed
Result: WARN Found the following significant warnings: fitglmm.cpp:507:25: warning: 'is_finite<double>' is deprecated: change arma::is_finite(val) to std::isfinite(val) [-Wdeprecated-declarations] See ‘/home/hornik/tmp/R.check/r-devel-clang/Work/PKGS/MAGEE.Rcheck/00install.out’ for details. * used C compiler: ‘Debian clang version 19.1.7 (7)’ * used C++ compiler: ‘Debian clang version 19.1.7 (7)’ Flavor: r-devel-linux-x86_64-debian-clang

Version: 1.4.3
Check: whether package can be installed
Result: WARN Found the following significant warnings: fitglmm.cpp:507:34: warning: ‘bool arma::is_finite(eT, const typename arma_scalar_only<T>::result*) [with eT = double; typename arma_scalar_only<T>::result = double]’ is deprecated: change arma::is_finite(val) to std::isfinite(val) [-Wdeprecated-declarations] See ‘/home/hornik/tmp/R.check/r-devel-gcc/Work/PKGS/MAGEE.Rcheck/00install.out’ for details. * used C compiler: ‘gcc-15 (Debian 15.2.0-4) 15.2.0’ * used C++ compiler: ‘g++-15 (Debian 15.2.0-4) 15.2.0’ Flavor: r-devel-linux-x86_64-debian-gcc

Version: 1.4.3
Check: whether package can be installed
Result: WARN Found the following significant warnings: fitglmm.cpp:507:34: warning: 'bool arma::is_finite(eT, const typename arma_scalar_only<eT>::result*) [with eT = double; typename arma_scalar_only<eT>::result = double]' is deprecated: change arma::is_finite(val) to std::isfinite(val) [-Wdeprecated-declarations] See 'd:/Rcompile/CRANpkg/local/4.6/MAGEE.Rcheck/00install.out' for details. * used C compiler: 'gcc.exe (GCC) 14.2.0' * used C++ compiler: 'g++.exe (GCC) 14.2.0' Flavor: r-devel-windows-x86_64

Version: 1.4.3
Check: whether package can be installed
Result: WARN Found the following significant warnings: fitglmm.cpp:507:34: warning: ‘bool arma::is_finite(eT, const typename arma_scalar_only<eT>::result*) [with eT = double; typename arma_scalar_only<eT>::result = double]’ is deprecated: change arma::is_finite(val) to std::isfinite(val) [-Wdeprecated-declarations] See ‘/home/hornik/tmp/R.check/r-patched-gcc/Work/PKGS/MAGEE.Rcheck/00install.out’ for details. * used C compiler: ‘gcc-14 (Debian 14.3.0-8) 14.3.0’ * used C++ compiler: ‘g++-14 (Debian 14.3.0-8) 14.3.0’ Flavor: r-patched-linux-x86_64

Version: 1.4.3
Check: whether package can be installed
Result: WARN Found the following significant warnings: fitglmm.cpp:507:34: warning: ‘bool arma::is_finite(eT, const typename arma_scalar_only<eT>::result*) [with eT = double; typename arma_scalar_only<eT>::result = double]’ is deprecated: change arma::is_finite(val) to std::isfinite(val) [-Wdeprecated-declarations] See ‘/home/hornik/tmp/R.check/r-release-gcc/Work/PKGS/MAGEE.Rcheck/00install.out’ for details. * used C compiler: ‘gcc-14 (Debian 14.3.0-8) 14.3.0’ * used C++ compiler: ‘g++-14 (Debian 14.3.0-8) 14.3.0’ Flavor: r-release-linux-x86_64

Version: 1.4.4
Check: installed package size
Result: NOTE installed size is 6.6Mb sub-directories of 1Mb or more: libs 4.9Mb Flavors: r-oldrel-macos-arm64, r-oldrel-macos-x86_64

Version: 1.4.4
Check: package dependencies
Result: NOTE Package suggested but not available for checking: 'doMC' Flavor: r-oldrel-windows-x86_64