CRAN Package Check Results for Package MANOVA.RM

Last updated on 2025-10-22 09:50:39 CEST.

Flavor Version Tinstall Tcheck Ttotal Status Flags
r-devel-linux-x86_64-debian-clang 0.5.4 9.40 190.16 199.56 NOTE
r-devel-linux-x86_64-debian-gcc 0.5.4 6.46 119.63 126.09 NOTE
r-devel-linux-x86_64-fedora-clang 0.5.4 43.00 292.53 335.53 NOTE
r-devel-linux-x86_64-fedora-gcc 0.5.4 37.00 304.10 341.10 NOTE
r-devel-windows-x86_64 0.5.4 11.00 171.00 182.00 NOTE
r-patched-linux-x86_64 0.5.4 9.35 179.01 188.36 NOTE
r-release-linux-x86_64 0.5.4 8.17 180.45 188.62 NOTE
r-release-macos-arm64 0.5.4 5.00 91.00 96.00 NOTE
r-release-macos-x86_64 0.5.4 9.00 181.00 190.00 NOTE
r-release-windows-x86_64 0.5.4 11.00 174.00 185.00 NOTE
r-oldrel-macos-arm64 0.5.4 4.00 73.00 77.00 NOTE
r-oldrel-macos-x86_64 0.5.4 6.00 131.00 137.00 NOTE
r-oldrel-windows-x86_64 0.5.4 14.00 239.00 253.00 NOTE

Check Details

Version: 0.5.4
Check: CRAN incoming feasibility
Result: NOTE Maintainer: ‘Sarah Friedrich <sarah.friedrich@math.uni-augsburg.de>’ No Authors@R field in DESCRIPTION. Please add one, modifying Authors@R: c(person(given = "Sarah", family = "Friedrich", role = c("aut", "cre"), email = "sarah.friedrich@math.uni-augsburg.de"), person(given = "Frank", family = "Konietschke", role = "aut"), person(given = "Markus", family = "Pauly", role = "aut")) as necessary. Flavors: r-devel-linux-x86_64-debian-clang, r-devel-linux-x86_64-debian-gcc

Version: 0.5.4
Check: Rd files
Result: NOTE checkRd: (-1) EEGwide.Rd:30-33: Lost braces 30 | if(requireNamespace("ggplot2")){ | ^ Flavors: r-devel-linux-x86_64-debian-clang, r-devel-linux-x86_64-debian-gcc, r-devel-linux-x86_64-fedora-clang, r-devel-linux-x86_64-fedora-gcc, r-devel-windows-x86_64, r-patched-linux-x86_64, r-release-linux-x86_64, r-release-macos-arm64, r-release-macos-x86_64, r-release-windows-x86_64, r-oldrel-macos-arm64, r-oldrel-macos-x86_64, r-oldrel-windows-x86_64

Version: 0.5.4
Check: HTML version of manual
Result: NOTE Found the following HTML validation problems: plot.RM.html:56:1 (plot.RM.Rd:14): Warning: missing </ul> before </div> print.MANOVA.html:51:1 (print.MANOVA.Rd:12): Warning: missing </ul> before </div> print.RM.html:51:1 (print.RM.Rd:12): Warning: missing </ul> before </div> summary.MANOVA.html:52:1 (summary.MANOVA.Rd:12): Warning: missing </ul> before </div> summary.RM.html:53:1 (summary.RM.Rd:12): Warning: missing </ul> before </div> Flavors: r-devel-linux-x86_64-debian-clang, r-devel-linux-x86_64-debian-gcc