Last updated on 2025-10-22 09:50:39 CEST.
Flavor | Version | Tinstall | Tcheck | Ttotal | Status | Flags |
---|---|---|---|---|---|---|
r-devel-linux-x86_64-debian-clang | 0.2.6 | 9.47 | 390.45 | 399.92 | NOTE | |
r-devel-linux-x86_64-debian-gcc | 0.2.6 | 6.82 | 257.25 | 264.07 | NOTE | |
r-devel-linux-x86_64-fedora-clang | 0.2.6 | 20.00 | 609.97 | 629.97 | OK | |
r-devel-linux-x86_64-fedora-gcc | 0.2.6 | 53.00 | 657.78 | 710.78 | OK | |
r-devel-windows-x86_64 | 0.2.6 | 14.00 | 344.00 | 358.00 | OK | |
r-patched-linux-x86_64 | 0.2.6 | 12.30 | 377.52 | 389.82 | OK | |
r-release-linux-x86_64 | 0.2.6 | 8.74 | 372.13 | 380.87 | OK | |
r-release-macos-arm64 | 0.2.6 | 6.00 | 198.00 | 204.00 | OK | |
r-release-macos-x86_64 | 0.2.6 | 8.00 | 312.00 | 320.00 | OK | |
r-release-windows-x86_64 | 0.2.6 | 13.00 | 342.00 | 355.00 | OK | |
r-oldrel-macos-arm64 | 0.2.6 | 5.00 | 146.00 | 151.00 | OK | |
r-oldrel-macos-x86_64 | 0.2.6 | 7.00 | 282.00 | 289.00 | OK | |
r-oldrel-windows-x86_64 | 0.2.6 | 18.00 | 449.00 | 467.00 | OK |
Version: 0.2.6
Check: HTML version of manual
Result: NOTE
Found the following HTML validation problems:
print.mb.predict.html:51:1 (print.mb.predict.Rd:12): Warning: missing </ul> before </div>
write.cor.html:57:1 (write.cor.Rd:17): Warning: missing </ul> before </div>
Flavors: r-devel-linux-x86_64-debian-clang, r-devel-linux-x86_64-debian-gcc