Last updated on 2025-10-22 09:50:40 CEST.
Flavor | Version | Tinstall | Tcheck | Ttotal | Status | Flags |
---|---|---|---|---|---|---|
r-devel-linux-x86_64-debian-clang | 0.1.0 | 21.31 | 168.32 | 189.63 | NOTE | |
r-devel-linux-x86_64-debian-gcc | 0.1.0 | 15.90 | 119.38 | 135.28 | NOTE | |
r-devel-linux-x86_64-fedora-clang | 0.1.0 | 143.00 | 177.61 | 320.61 | OK | |
r-devel-linux-x86_64-fedora-gcc | 0.1.0 | 187.00 | 114.74 | 301.74 | OK | |
r-devel-windows-x86_64 | 0.1.0 | 26.00 | 157.00 | 183.00 | OK | |
r-patched-linux-x86_64 | 0.1.0 | 22.30 | 157.49 | 179.79 | OK | |
r-release-linux-x86_64 | 0.1.0 | 20.93 | 156.97 | 177.90 | OK | |
r-release-macos-arm64 | 0.1.0 | 10.00 | 58.00 | 68.00 | OK | |
r-release-macos-x86_64 | 0.1.0 | 21.00 | 118.00 | 139.00 | OK | |
r-release-windows-x86_64 | 0.1.0 | 25.00 | 156.00 | 181.00 | OK | |
r-oldrel-macos-arm64 | 0.1.0 | 10.00 | 57.00 | 67.00 | OK | |
r-oldrel-macos-x86_64 | 0.1.0 | 15.00 | 87.00 | 102.00 | OK | |
r-oldrel-windows-x86_64 | 0.1.0 | 35.00 | 205.00 | 240.00 | OK |
Version: 0.1.0
Check: CRAN incoming feasibility
Result: NOTE
Maintainer: ‘Alexander Volkmann <alexander.volkmann@hu-berlin.de>’
The Description field contains
Implementation for Volkmann, Umlauf, Greven (2023) <arXiv:2311.06409>.
Please refer to arXiv e-prints via their arXiv DOI <doi:10.48550/arXiv.YYMM.NNNNN>.
Flavors: r-devel-linux-x86_64-debian-clang, r-devel-linux-x86_64-debian-gcc
Version: 0.1.0
Check: HTML version of manual
Result: NOTE
Found the following HTML validation problems:
MJM_predict.html:121:1 (MJM_predict.Rd:61): Warning: missing </ul> before </div>
sim_bamlss_predict.html:68:1 (sim_bamlss_predict.Rd:22): Warning: missing </ul> before </div>
sim_jmb_predict.html:68:1 (sim_jmb_predict.Rd:22): Warning: missing </ul> before </div>
sim_jmbamlss_eval.html:64:1 (sim_jmbamlss_eval.Rd:19): Warning: missing </ul> before </div>
sim_jmbayes_eval.html:64:1 (sim_jmbayes_eval.Rd:19): Warning: missing </ul> before </div>
Flavors: r-devel-linux-x86_64-debian-clang, r-devel-linux-x86_64-debian-gcc