CRAN Package Check Results for Package MLFS

Last updated on 2025-07-03 09:50:46 CEST.

Flavor Version Tinstall Tcheck Ttotal Status Flags
r-devel-linux-x86_64-debian-clang 0.4.2 17.33 102.82 120.15 NOTE
r-devel-linux-x86_64-debian-gcc 0.4.2 10.61 70.51 81.12 NOTE
r-devel-linux-x86_64-fedora-clang 0.4.2 184.67 OK
r-devel-linux-x86_64-fedora-gcc 0.4.2 174.47 OK
r-devel-windows-x86_64 0.4.2 16.00 107.00 123.00 OK
r-patched-linux-x86_64 0.4.2 15.56 95.73 111.29 OK
r-release-linux-x86_64 0.4.2 14.74 95.33 110.07 OK
r-release-macos-arm64 0.4.2 52.00 OK
r-release-macos-x86_64 0.4.2 99.00 OK
r-release-windows-x86_64 0.4.2 20.00 109.00 129.00 OK
r-oldrel-macos-arm64 0.4.2 55.00 OK
r-oldrel-macos-x86_64 0.4.2 102.00 OK
r-oldrel-windows-x86_64 0.4.2 22.00 136.00 158.00 OK

Check Details

Version: 0.4.2
Check: CRAN incoming feasibility
Result: NOTE Maintainer: ‘Jernej Jevsenak <jernej.jevsenak@gmail.com>’ No Authors@R field in DESCRIPTION. Please add one, modifying Authors@R: person(given = "Jernej", family = "Jevsenak", role = c("aut", "cre"), email = "jernej.jevsenak@gmail.com") as necessary. Package CITATION file contains call(s) to old-style personList() or as.personList(). Please use c() on person objects instead. Package CITATION file contains call(s) to old-style citEntry(). Please use bibentry() instead. Flavors: r-devel-linux-x86_64-debian-clang, r-devel-linux-x86_64-debian-gcc