CRAN Package Check Results for Package MOCCA

Last updated on 2025-10-22 09:50:41 CEST.

Flavor Version Tinstall Tcheck Ttotal Status Flags
r-devel-linux-x86_64-debian-clang 1.4 2.25 37.77 40.02 NOTE
r-devel-linux-x86_64-debian-gcc 1.4 1.47 28.16 29.63 NOTE
r-devel-linux-x86_64-fedora-clang 1.4 58.85 OK
r-devel-linux-x86_64-fedora-gcc 1.4 12.00 52.13 64.13 OK
r-devel-windows-x86_64 1.4 4.00 57.00 61.00 OK
r-patched-linux-x86_64 1.4 1.86 35.61 37.47 OK
r-release-linux-x86_64 1.4 2.30 35.85 38.15 OK
r-release-macos-arm64 1.4 2.00 22.00 24.00 OK
r-release-macos-x86_64 1.4 4.00 45.00 49.00 OK
r-release-windows-x86_64 1.4 3.00 59.00 62.00 OK
r-oldrel-macos-arm64 1.4 2.00 19.00 21.00 OK
r-oldrel-macos-x86_64 1.4 2.00 29.00 31.00 OK
r-oldrel-windows-x86_64 1.4 3.00 67.00 70.00 OK

Check Details

Version: 1.4
Check: CRAN incoming feasibility
Result: NOTE Maintainer: ‘Hans Kestler <hans.kestler@uni-ulm.de>’ No Authors@R field in DESCRIPTION. Please add one, modifying Authors@R: c(person(given = "Johann", family = "Kraus", role = "aut", email = "johann.kraus@uni-ulm.de"), person(given = "Hans", family = "Kestler", role = "cre", email = "hans.kestler@uni-ulm.de")) as necessary. Flavors: r-devel-linux-x86_64-debian-clang, r-devel-linux-x86_64-debian-gcc