Last updated on 2025-10-22 09:50:41 CEST.
Flavor | Version | Tinstall | Tcheck | Ttotal | Status | Flags |
---|---|---|---|---|---|---|
r-devel-linux-x86_64-debian-clang | 1.0.2 | 5.07 | 311.39 | 316.46 | NOTE | |
r-devel-linux-x86_64-debian-gcc | 1.0.2 | 4.90 | 192.80 | 197.70 | NOTE | |
r-devel-linux-x86_64-fedora-clang | 1.0.2 | 13.00 | 509.35 | 522.35 | OK | |
r-devel-linux-x86_64-fedora-gcc | 1.0.2 | 29.00 | 540.51 | 569.51 | OK | |
r-devel-windows-x86_64 | 1.0.2 | 7.00 | 280.00 | 287.00 | OK | |
r-patched-linux-x86_64 | 1.0.2 | 6.28 | 307.66 | 313.94 | OK | |
r-release-linux-x86_64 | 1.0.2 | 6.42 | 304.49 | 310.91 | OK | |
r-release-macos-arm64 | 1.0.2 | 2.00 | 104.00 | 106.00 | OK | |
r-release-macos-x86_64 | 1.0.2 | 5.00 | 235.00 | 240.00 | OK | |
r-release-windows-x86_64 | 1.0.2 | 7.00 | 283.00 | 290.00 | OK | |
r-oldrel-macos-arm64 | 1.0.2 | 3.00 | 104.00 | 107.00 | OK | |
r-oldrel-macos-x86_64 | 1.0.2 | 4.00 | 262.00 | 266.00 | OK | |
r-oldrel-windows-x86_64 | 1.0.2 | 10.00 | 395.00 | 405.00 | OK |
Version: 1.0.2
Check: HTML version of manual
Result: NOTE
Found the following HTML validation problems:
data_not_PH.html:58:1 (data_not_PH.Rd:16): Warning: missing </ul> before </div>
data_under_PH.html:59:1 (data_under_PH.Rd:16): Warning: missing </ul> before </div>
Flavors: r-devel-linux-x86_64-debian-clang, r-devel-linux-x86_64-debian-gcc