Last updated on 2025-10-24 09:50:09 CEST.
| Flavor | Version | Tinstall | Tcheck | Ttotal | Status | Flags |
|---|---|---|---|---|---|---|
| r-devel-linux-x86_64-debian-clang | 0.8 | 1.94 | 39.92 | 41.86 | NOTE | |
| r-devel-linux-x86_64-debian-gcc | 0.8 | 1.48 | 31.50 | 32.98 | NOTE | |
| r-devel-linux-x86_64-fedora-clang | 0.8 | 57.66 | OK | |||
| r-devel-linux-x86_64-fedora-gcc | 0.8 | 61.09 | OK | |||
| r-devel-windows-x86_64 | 0.8 | 5.00 | 64.00 | 69.00 | OK | |
| r-patched-linux-x86_64 | 0.8 | 2.08 | 37.31 | 39.39 | NOTE | |
| r-release-linux-x86_64 | 0.8 | 1.82 | 37.63 | 39.45 | NOTE | |
| r-release-macos-arm64 | 0.8 | 1.00 | 30.00 | 31.00 | OK | |
| r-release-macos-x86_64 | 0.8 | 2.00 | 57.00 | 59.00 | OK | |
| r-release-windows-x86_64 | 0.8 | 7.00 | 65.00 | 72.00 | OK | |
| r-oldrel-macos-arm64 | 0.8 | 1.00 | 23.00 | 24.00 | OK | |
| r-oldrel-macos-x86_64 | 0.8 | 2.00 | 40.00 | 42.00 | OK | |
| r-oldrel-windows-x86_64 | 0.8 | 7.00 | 74.00 | 81.00 | OK |
Version: 0.8
Check: for unstated dependencies in ‘demo’
Result: NOTE
'data(package=)' call not declared from: ‘MASS’
Flavors: r-devel-linux-x86_64-debian-clang, r-devel-linux-x86_64-debian-gcc, r-patched-linux-x86_64, r-release-linux-x86_64