CRAN Package Check Results for Package MSG

Last updated on 2025-07-04 09:49:56 CEST.

Flavor Version Tinstall Tcheck Ttotal Status Flags
r-devel-linux-x86_64-debian-clang 0.8 1.89 38.52 40.41 NOTE
r-devel-linux-x86_64-debian-gcc 0.8 1.48 30.92 32.40 NOTE
r-devel-linux-x86_64-fedora-clang 0.8 58.29 OK
r-devel-linux-x86_64-fedora-gcc 0.8 55.57 OK
r-devel-windows-x86_64 0.8 5.00 65.00 70.00 OK
r-patched-linux-x86_64 0.8 2.13 35.97 38.10 NOTE
r-release-linux-x86_64 0.8 1.89 35.90 37.79 NOTE
r-release-macos-arm64 0.8 31.00 OK
r-release-macos-x86_64 0.8 59.00 OK
r-release-windows-x86_64 0.8 5.00 68.00 73.00 OK
r-oldrel-macos-arm64 0.8 24.00 OK
r-oldrel-macos-x86_64 0.8 42.00 OK
r-oldrel-windows-x86_64 0.8 5.00 74.00 79.00 OK

Check Details

Version: 0.8
Check: for unstated dependencies in ‘demo’
Result: NOTE 'data(package=)' call not declared from: ‘MASS’ Flavors: r-devel-linux-x86_64-debian-clang, r-devel-linux-x86_64-debian-gcc, r-patched-linux-x86_64, r-release-linux-x86_64