Last updated on 2025-10-22 09:50:39 CEST.
Flavor | Version | Tinstall | Tcheck | Ttotal | Status | Flags |
---|---|---|---|---|---|---|
r-devel-linux-x86_64-debian-clang | 0.1.0 | 17.75 | 121.20 | 138.95 | OK | |
r-devel-linux-x86_64-debian-gcc | 0.1.0 | 12.99 | 88.82 | 101.81 | OK | |
r-devel-linux-x86_64-fedora-clang | 0.1.0 | 100.00 | 128.98 | 228.98 | NOTE | |
r-devel-linux-x86_64-fedora-gcc | 0.1.0 | 69.00 | 148.38 | 217.38 | NOTE | |
r-devel-windows-x86_64 | 0.1.0 | 17.00 | 110.00 | 127.00 | OK | |
r-patched-linux-x86_64 | 0.1.0 | 17.77 | 115.67 | 133.44 | OK | |
r-release-linux-x86_64 | 0.1.0 | 17.03 | 113.47 | 130.50 | OK | |
r-release-macos-arm64 | 0.1.0 | 8.00 | 53.00 | 61.00 | OK | |
r-release-macos-x86_64 | 0.1.0 | 14.00 | 89.00 | 103.00 | OK | |
r-release-windows-x86_64 | 0.1.0 | 19.00 | 113.00 | 132.00 | OK | |
r-oldrel-macos-arm64 | 0.1.0 | 7.00 | 52.00 | 59.00 | OK | |
r-oldrel-macos-x86_64 | 0.1.0 | 11.00 | 80.00 | 91.00 | OK | |
r-oldrel-windows-x86_64 | 0.1.0 | 22.00 | 141.00 | 163.00 | OK |
Version: 0.1.0
Check: dependencies in R code
Result: NOTE
Namespaces in Imports field not imported from:
‘shinythemes’ ‘topicmodels’
All declared Imports should be used.
Flavors: r-devel-linux-x86_64-fedora-clang, r-devel-linux-x86_64-fedora-gcc