Last updated on 2025-10-24 09:50:08 CEST.
| Flavor | Version | Tinstall | Tcheck | Ttotal | Status | Flags |
|---|---|---|---|---|---|---|
| r-devel-linux-x86_64-debian-clang | 0.1.0 | 1.82 | 20.89 | 22.71 | OK | |
| r-devel-linux-x86_64-debian-gcc | 0.1.0 | 1.28 | 17.12 | 18.40 | OK | |
| r-devel-linux-x86_64-fedora-clang | 0.1.0 | 33.45 | NOTE | |||
| r-devel-linux-x86_64-fedora-gcc | 0.1.0 | 33.10 | NOTE | |||
| r-devel-windows-x86_64 | 0.1.0 | 2.00 | 39.00 | 41.00 | OK | |
| r-patched-linux-x86_64 | 0.1.0 | 1.77 | 19.84 | 21.61 | OK | |
| r-release-linux-x86_64 | 0.1.0 | 1.22 | 19.55 | 20.77 | OK | |
| r-release-macos-arm64 | 0.1.0 | 1.00 | 14.00 | 15.00 | OK | |
| r-release-macos-x86_64 | 0.1.0 | 2.00 | 23.00 | 25.00 | OK | |
| r-release-windows-x86_64 | 0.1.0 | 2.00 | 42.00 | 44.00 | OK | |
| r-oldrel-macos-arm64 | 0.1.0 | 1.00 | 13.00 | 14.00 | NOTE | |
| r-oldrel-macos-x86_64 | 0.1.0 | 2.00 | 19.00 | 21.00 | NOTE | |
| r-oldrel-windows-x86_64 | 0.1.0 | 2.00 | 46.00 | 48.00 | NOTE |
Version: 0.1.0
Check: dependencies in R code
Result: NOTE
Namespace in Imports field not imported from: ‘MASS’
All declared Imports should be used.
Flavors: r-devel-linux-x86_64-fedora-clang, r-devel-linux-x86_64-fedora-gcc
Version: 0.1.0
Check: LazyData
Result: NOTE
'LazyData' is specified without a 'data' directory
Flavors: r-oldrel-macos-arm64, r-oldrel-macos-x86_64, r-oldrel-windows-x86_64