Last updated on 2025-10-23 09:50:50 CEST.
| Flavor | Version | Tinstall | Tcheck | Ttotal | Status | Flags |
|---|---|---|---|---|---|---|
| r-devel-linux-x86_64-debian-clang | 1.1.0 | 1.50 | 19.13 | 20.63 | NOTE | |
| r-devel-linux-x86_64-debian-gcc | 1.1.0 | 1.32 | 15.93 | 17.25 | NOTE | |
| r-devel-linux-x86_64-fedora-clang | 1.1.0 | 30.41 | OK | |||
| r-devel-linux-x86_64-fedora-gcc | 1.1.0 | 30.76 | OK | |||
| r-devel-windows-x86_64 | 1.1.0 | 2.00 | 37.00 | 39.00 | OK | |
| r-patched-linux-x86_64 | 1.1.0 | 1.65 | 18.09 | 19.74 | OK | |
| r-release-linux-x86_64 | 1.1.0 | 1.52 | 17.88 | 19.40 | OK | |
| r-release-macos-arm64 | 1.1.0 | 1.00 | 14.00 | 15.00 | OK | |
| r-release-macos-x86_64 | 1.1.0 | 1.00 | 22.00 | 23.00 | OK | |
| r-release-windows-x86_64 | 1.1.0 | 2.00 | 39.00 | 41.00 | OK | |
| r-oldrel-macos-arm64 | 1.1.0 | 1.00 | 13.00 | 14.00 | NOTE | |
| r-oldrel-macos-x86_64 | 1.1.0 | 1.00 | 19.00 | 20.00 | NOTE | |
| r-oldrel-windows-x86_64 | 1.1.0 | 3.00 | 43.00 | 46.00 | NOTE |
Version: 1.1.0
Check: CRAN incoming feasibility
Result: NOTE
Maintainer: ‘Erik-Jan van Kesteren <e.vankesteren1@uu.nl>’
No Authors@R field in DESCRIPTION.
Please add one, modifying
Authors@R: person(given = "Erik-Jan",
family = "van Kesteren",
role = c("aut", "cre"),
email = "e.vankesteren1@uu.nl")
as necessary.
Flavors: r-devel-linux-x86_64-debian-clang, r-devel-linux-x86_64-debian-gcc
Version: 1.1.0
Check: LazyData
Result: NOTE
'LazyData' is specified without a 'data' directory
Flavors: r-oldrel-macos-arm64, r-oldrel-macos-x86_64, r-oldrel-windows-x86_64