CRAN Package Check Results for Package MixviR

Last updated on 2025-10-22 09:50:40 CEST.

Flavor Version Tinstall Tcheck Ttotal Status Flags
r-devel-linux-x86_64-debian-clang 3.5.0 4.87 51.61 56.48 NOTE
r-devel-linux-x86_64-debian-gcc 3.5.0 3.62 38.51 42.13 NOTE
r-devel-linux-x86_64-fedora-clang 3.5.0 14.00 73.92 87.92 OK
r-devel-linux-x86_64-fedora-gcc 3.5.0 12.00 83.42 95.42 OK
r-devel-windows-x86_64 3.5.0 7.00 69.00 76.00 OK
r-patched-linux-x86_64 3.5.0 5.61 48.63 54.24 OK
r-release-linux-x86_64 3.5.0 5.24 48.64 53.88 OK
r-release-macos-arm64 3.5.0 3.00 47.00 50.00 OK
r-release-macos-x86_64 3.5.0 5.00 72.00 77.00 OK
r-release-windows-x86_64 3.5.0 9.00 71.00 80.00 OK
r-oldrel-macos-arm64 3.5.0 3.00 47.00 50.00 OK
r-oldrel-macos-x86_64 3.5.0 4.00 89.00 93.00 OK
r-oldrel-windows-x86_64 3.5.0 9.00 85.00 94.00 OK

Check Details

Version: 3.5.0
Check: DESCRIPTION meta-information
Result: NOTE Author field differs from that derived from Authors@R Author: ‘Michael Sovic [aut, ccp, cre] (<https://orcid.org/0000-0002-8556-3704>), Francesca Savona [res], Zuzana Bohrerova [res, fnd], Seth Faith [ccp, ctb] (0000-0002-0441-9859)’ Authors@R: ‘Michael Sovic [aut, ccp, cre] (ORCID: <https://orcid.org/0000-0002-8556-3704>), Francesca Savona [res], Zuzana Bohrerova [res, fnd], Seth Faith [ccp, ctb] (ORDIC: 0000-0002-0441-9859)’ Flavors: r-devel-linux-x86_64-debian-clang, r-devel-linux-x86_64-debian-gcc