Last updated on 2025-10-22 09:50:41 CEST.
Flavor | Version | Tinstall | Tcheck | Ttotal | Status | Flags |
---|---|---|---|---|---|---|
r-devel-linux-x86_64-debian-clang | 1.2.2.2 | 27.56 | 33.34 | 60.90 | NOTE | |
r-devel-linux-x86_64-debian-gcc | 1.2.2.2 | 19.21 | 26.10 | 45.31 | NOTE | |
r-devel-linux-x86_64-fedora-clang | 1.2.2.2 | 72.00 | 35.10 | 107.10 | OK | |
r-devel-linux-x86_64-fedora-gcc | 1.2.2.2 | 52.00 | 46.75 | 98.75 | OK | |
r-devel-windows-x86_64 | 1.2.2.2 | 32.00 | 62.00 | 94.00 | OK | |
r-patched-linux-x86_64 | 1.2.2.2 | 26.89 | 30.03 | 56.92 | OK | |
r-release-linux-x86_64 | 1.2.2.2 | 25.76 | 30.10 | 55.86 | OK | |
r-release-macos-arm64 | 1.2.2.2 | 10.00 | 17.00 | 27.00 | OK | |
r-release-macos-x86_64 | 1.2.2.2 | 17.00 | 41.00 | 58.00 | OK | |
r-release-windows-x86_64 | 1.2.2.2 | 38.00 | 69.00 | 107.00 | OK | |
r-oldrel-macos-arm64 | 1.2.2.2 | 9.00 | 22.00 | 31.00 | OK | |
r-oldrel-macos-x86_64 | 1.2.2.2 | 12.00 | 26.00 | 38.00 | OK | |
r-oldrel-windows-x86_64 | 1.2.2.2 | 45.00 | 81.00 | 126.00 | OK |
Version: 1.2.2.2
Check: HTML version of manual
Result: NOTE
Found the following HTML validation problems:
brier.html:76:1 (brier.Rd:34): Warning: missing </ul> before </div>
ce.html:79:1 (ce.Rd:37): Warning: missing </ul> before </div>
confusionMatrix.html:54:1 (confusionMatrix.Rd:14): Warning: missing </ul> before </div>
f1Score.html:54:1 (f1Score.Rd:14): Warning: missing </ul> before </div>
fScore.html:58:1 (fScore.Rd:16): Warning: missing </ul> before </div>
kappa.html:54:1 (kappa.Rd:14): Warning: missing </ul> before </div>
mae.html:76:1 (mae.Rd:34): Warning: missing </ul> before </div>
mcc.html:54:1 (mcc.Rd:14): Warning: missing </ul> before </div>
mlogLoss.html:50:1 (mlogLoss.Rd:12): Warning: missing </ul> before </div>
msle.html:79:1 (msle.Rd:37): Warning: missing </ul> before </div>
rmsle.html:79:1 (rmsle.Rd:37): Warning: missing </ul> before </div>
Flavors: r-devel-linux-x86_64-debian-clang, r-devel-linux-x86_64-debian-gcc