Last updated on 2025-07-03 09:50:46 CEST.
Flavor | Version | Tinstall | Tcheck | Ttotal | Status | Flags |
---|---|---|---|---|---|---|
r-devel-linux-x86_64-debian-clang | 0.1.0 | 6.43 | 47.03 | 53.46 | OK | |
r-devel-linux-x86_64-debian-gcc | 0.1.0 | 4.71 | 34.74 | 39.45 | OK | |
r-devel-linux-x86_64-fedora-clang | 0.1.0 | 86.14 | OK | |||
r-devel-linux-x86_64-fedora-gcc | 0.1.0 | 77.07 | OK | |||
r-devel-windows-x86_64 | 0.1.0 | 7.00 | 62.00 | 69.00 | OK | |
r-patched-linux-x86_64 | 0.1.0 | 6.10 | 44.58 | 50.68 | OK | |
r-release-linux-x86_64 | 0.1.0 | 5.33 | 43.87 | 49.20 | OK | |
r-release-macos-arm64 | 0.1.0 | 26.00 | OK | |||
r-release-macos-x86_64 | 0.1.0 | 50.00 | OK | |||
r-release-windows-x86_64 | 0.1.0 | 7.00 | 61.00 | 68.00 | OK | |
r-oldrel-macos-arm64 | 0.1.0 | 27.00 | NOTE | |||
r-oldrel-macos-x86_64 | 0.1.0 | 38.00 | NOTE | |||
r-oldrel-windows-x86_64 | 0.1.0 | 9.00 | 72.00 | 81.00 | NOTE |
Version: 0.1.0
Check: LazyData
Result: NOTE
'LazyData' is specified without a 'data' directory
Flavors: r-oldrel-macos-arm64, r-oldrel-macos-x86_64, r-oldrel-windows-x86_64