Last updated on 2025-10-22 09:50:41 CEST.
Flavor | Version | Tinstall | Tcheck | Ttotal | Status | Flags |
---|---|---|---|---|---|---|
r-devel-linux-x86_64-debian-clang | 2.0.5 | 9.79 | 136.68 | 146.47 | NOTE | |
r-devel-linux-x86_64-debian-gcc | 2.0.5 | 6.07 | 98.28 | 104.35 | NOTE | |
r-devel-linux-x86_64-fedora-clang | 2.0.5 | 23.00 | 195.41 | 218.41 | OK | |
r-devel-linux-x86_64-fedora-gcc | 2.0.5 | 19.00 | 265.94 | 284.94 | OK | |
r-devel-windows-x86_64 | 2.0.5 | 13.00 | 138.00 | 151.00 | OK | |
r-patched-linux-x86_64 | 2.0.5 | 10.54 | 127.91 | 138.45 | OK | |
r-release-linux-x86_64 | 2.0.5 | 8.25 | 127.70 | 135.95 | OK | |
r-release-macos-arm64 | 2.0.5 | 5.00 | 85.00 | 90.00 | OK | |
r-release-macos-x86_64 | 2.0.5 | 8.00 | 136.00 | 144.00 | OK | |
r-release-windows-x86_64 | 2.0.5 | 12.00 | 141.00 | 153.00 | OK | |
r-oldrel-macos-arm64 | 2.0.5 | 4.00 | 64.00 | 68.00 | OK | |
r-oldrel-macos-x86_64 | 2.0.5 | 7.00 | 107.00 | 114.00 | OK | |
r-oldrel-windows-x86_64 | 2.0.5 | 17.00 | 180.00 | 197.00 | OK |
Version: 2.0.5
Check: HTML version of manual
Result: NOTE
Found the following HTML validation problems:
fitExpExtrapolation.html:58:1 (fitExpExtrapolation.Rd:16): Warning: missing </ul> before </div>
mortalityTable.once.html:58:1 (mortalityTable.once.Rd:18): Warning: missing </ul> before </div>
mortalityTable.onceAndFuture.html:58:1 (mortalityTable.onceAndFuture.Rd:18): Warning: missing </ul> before </div>
mortalityTable.zeroes.html:50:1 (mortalityTable.zeroes.Rd:12): Warning: missing </ul> before </div>
pensionTables.load.html:59:1 (pensionTables.load.Rd:21): Warning: missing </ul> before </div>
Flavors: r-devel-linux-x86_64-debian-clang, r-devel-linux-x86_64-debian-gcc