CRAN Package Check Results for Package MultIS

Last updated on 2025-10-22 09:50:41 CEST.

Flavor Version Tinstall Tcheck Ttotal Status Flags
r-devel-linux-x86_64-debian-clang 0.6.2 5.71 75.19 80.90 NOTE
r-devel-linux-x86_64-debian-gcc 0.6.2 4.00 52.05 56.05 NOTE
r-devel-linux-x86_64-fedora-clang 0.6.2 15.00 107.46 122.46 NOTE
r-devel-linux-x86_64-fedora-gcc 0.6.2 11.00 119.10 130.10 NOTE
r-devel-windows-x86_64 0.6.2 8.00 88.00 96.00 OK
r-patched-linux-x86_64 0.6.2 5.21 70.27 75.48 OK
r-release-linux-x86_64 0.6.2 5.20 69.96 75.16 OK
r-release-macos-arm64 0.6.2 3.00 83.00 86.00 OK
r-release-macos-x86_64 0.6.2 4.00 81.00 85.00 OK
r-release-windows-x86_64 0.6.2 8.00 90.00 98.00 OK
r-oldrel-macos-arm64 0.6.2 2.00 38.00 40.00 OK
r-oldrel-macos-x86_64 0.6.2 4.00 59.00 63.00 OK
r-oldrel-windows-x86_64 0.6.2 10.00 115.00 125.00 OK

Check Details

Version: 0.6.2
Check: HTML version of manual
Result: NOTE Found the following HTML validation problems: bushmanplot.html:93:1 (bushmanplot.Rd:44): Warning: missing </ul> before </div> lineplot_split_clone.html:98:1 (lineplot_split_clone.Rd:47): Warning: missing </ul> before </div> Flavors: r-devel-linux-x86_64-debian-clang, r-devel-linux-x86_64-debian-gcc

Version: 0.6.2
Check: dependencies in R code
Result: NOTE Namespaces in Imports field not imported from: ‘poweRlaw’ ‘rmutil’ All declared Imports should be used. Flavors: r-devel-linux-x86_64-fedora-clang, r-devel-linux-x86_64-fedora-gcc