CRAN Package Check Results for Package MultiwayRegression

Last updated on 2025-10-22 09:50:41 CEST.

Flavor Version Tinstall Tcheck Ttotal Status Flags
r-devel-linux-x86_64-debian-clang 1.2 2.15 36.28 38.43 NOTE
r-devel-linux-x86_64-debian-gcc 1.2 1.56 27.49 29.05 NOTE
r-devel-linux-x86_64-fedora-clang 1.2 61.62 OK
r-devel-linux-x86_64-fedora-gcc 1.2 57.82 OK
r-devel-windows-x86_64 1.2 3.00 57.00 60.00 OK
r-patched-linux-x86_64 1.2 2.35 34.60 36.95 OK
r-release-linux-x86_64 1.2 2.01 33.95 35.96 OK
r-release-macos-arm64 1.2 2.00 23.00 25.00 OK
r-release-macos-x86_64 1.2 4.00 43.00 47.00 OK
r-release-windows-x86_64 1.2 3.00 60.00 63.00 OK
r-oldrel-macos-arm64 1.2 1.00 19.00 20.00 OK
r-oldrel-macos-x86_64 1.2 2.00 34.00 36.00 OK
r-oldrel-windows-x86_64 1.2 3.00 65.00 68.00 OK

Check Details

Version: 1.2
Check: CRAN incoming feasibility
Result: NOTE Maintainer: ‘Eric F. Lock <elock@umn.edu>’ No Authors@R field in DESCRIPTION. Please add one, modifying Authors@R: person(given = c("Eric", "F."), family = "Lock", role = c("aut", "cre"), email = "elock@umn.edu") as necessary. Flavors: r-devel-linux-x86_64-debian-clang, r-devel-linux-x86_64-debian-gcc