Last updated on 2025-10-21 09:48:39 CEST.
Flavor | Version | Tinstall | Tcheck | Ttotal | Status | Flags |
---|---|---|---|---|---|---|
r-devel-linux-x86_64-debian-clang | 0.2.5 | 9.65 | 113.86 | 123.51 | OK | |
r-devel-linux-x86_64-debian-gcc | 0.2.5 | 6.19 | 76.72 | 82.91 | NOTE | |
r-devel-linux-x86_64-fedora-clang | 0.2.5 | 198.35 | OK | |||
r-devel-linux-x86_64-fedora-gcc | 0.2.5 | 170.05 | OK | |||
r-devel-windows-x86_64 | 0.2.5 | 11.00 | 122.00 | 133.00 | OK | |
r-patched-linux-x86_64 | 0.2.5 | 10.37 | 104.81 | 115.18 | OK | |
r-release-linux-x86_64 | 0.2.5 | 8.28 | 104.13 | 112.41 | OK | |
r-release-macos-arm64 | 0.2.5 | 72.00 | OK | |||
r-release-macos-x86_64 | 0.2.5 | 128.00 | OK | |||
r-release-windows-x86_64 | 0.2.5 | 12.00 | 130.00 | 142.00 | OK | |
r-oldrel-macos-arm64 | 0.2.5 | 50.00 | NOTE | |||
r-oldrel-macos-x86_64 | 0.2.5 | 126.00 | NOTE | |||
r-oldrel-windows-x86_64 | 0.2.5 | 16.00 | 146.00 | 162.00 | NOTE |
Version: 0.2.5
Check: HTML version of manual
Result: NOTE
Found the following HTML validation problems:
NMreadSimModTab.html:116:1 (NMreadSimModTab.Rd:66): Warning: missing </ul> before </div>
NMreadSimModTabOne.html:109:1 (NMreadSimModTabOne.Rd:61): Warning: missing </ul> before </div>
NMreadSimRes.html:46:1 (NMreadSimRes.Rd:10): Warning: missing </ul> before </div>
NMrunLin.html:58:1 (NMrunLin.Rd:22): Warning: missing </ul> before </div>
NMsimCheckMod.html:53:1 (NMsimCheckMod.Rd:14): Warning: missing </ul> before </div>
NMupdateFn.html:86:1 (NMupdateFn.Rd:36): Warning: missing </ul> before </div>
addBlocks.html:50:1 (addBlocks.Rd:12): Warning: missing </ul> before </div>
addParameter.html:50:1 (addParameter.Rd:12): Warning: missing </ul> before </div>
checkTimes.html:79:1 (checkTimes.Rd:34): Warning: missing </ul> before </div>
count_ij.html:46:1 (count_ij.Rd:10): Warning: missing </ul> before </div>
dcastSe.html:60:1 (dcastSe.Rd:18): Warning: missing </ul> before </div>
nameMultipleFiles.html:55:1 (nameMultipleFiles.Rd:15): Warning: missing </ul> before </div>
pasteFuns.html:57:1 (pasteFuns.Rd:18): Warning: missing </ul> before </div>
prioritizePaths.html:54:1 (prioritizePaths.Rd:14): Warning: missing </ul> before </div>
typicalize.html:61:1 (typicalize.Rd:19): Warning: missing </ul> before </div>
Flavor: r-devel-linux-x86_64-debian-gcc
Version: 0.2.5
Check: package dependencies
Result: NOTE
Package which this enhances but not available for checking: ‘simpar’
Flavors: r-oldrel-macos-arm64, r-oldrel-macos-x86_64, r-oldrel-windows-x86_64