Last updated on 2025-10-22 09:50:43 CEST.
Flavor | Version | Tinstall | Tcheck | Ttotal | Status | Flags |
---|---|---|---|---|---|---|
r-devel-linux-x86_64-debian-clang | 3.0 | 2.02 | 19.44 | 21.46 | NOTE | |
r-devel-linux-x86_64-debian-gcc | 3.0 | 1.50 | 16.00 | 17.50 | NOTE | |
r-devel-linux-x86_64-fedora-clang | 3.0 | 32.75 | OK | |||
r-devel-linux-x86_64-fedora-gcc | 3.0 | 30.15 | OK | |||
r-devel-windows-x86_64 | 3.0 | 2.00 | 37.00 | 39.00 | OK | |
r-patched-linux-x86_64 | 3.0 | 2.08 | 18.54 | 20.62 | OK | |
r-release-linux-x86_64 | 3.0 | 1.89 | 18.48 | 20.37 | OK | |
r-release-macos-arm64 | 3.0 | 1.00 | 15.00 | 16.00 | OK | |
r-release-macos-x86_64 | 3.0 | 2.00 | 25.00 | 27.00 | OK | |
r-release-windows-x86_64 | 3.0 | 3.00 | 39.00 | 42.00 | OK | |
r-oldrel-macos-arm64 | 3.0 | 1.00 | 14.00 | 15.00 | OK | |
r-oldrel-macos-x86_64 | 3.0 | 2.00 | 17.00 | 19.00 | OK | |
r-oldrel-windows-x86_64 | 3.0 | 2.00 | 37.00 | 39.00 | OK |
Version: 3.0
Check: CRAN incoming feasibility
Result: NOTE
Maintainer: ‘Chung-Hsing Chen <chchen@nhri.org.tw>’
No Authors@R field in DESCRIPTION.
Please add one, modifying
Authors@R: c(person(given = "Chung-Hsing",
family = "Chen",
role = c("aut", "cre"),
email = "chchen@nhri.org.tw"),
person(given = "I-Shou",
family = "Chang",
role = "aut"),
person(given = c("Chao", "A."),
family = "Hsiung",
role = "aut"))
as necessary.
Flavors: r-devel-linux-x86_64-debian-clang, r-devel-linux-x86_64-debian-gcc