CRAN Package Check Results for Package Neighboot

Last updated on 2025-10-22 09:50:42 CEST.

Flavor Version Tinstall Tcheck Ttotal Status Flags
r-devel-linux-x86_64-debian-clang 1.0.1 13.94 105.87 119.81 NOTE
r-devel-linux-x86_64-debian-gcc 1.0.1 10.09 77.55 87.64 NOTE
r-devel-linux-x86_64-fedora-clang 1.0.1 38.00 147.54 185.54 OK
r-devel-linux-x86_64-fedora-gcc 1.0.1 26.00 148.28 174.28 OK
r-devel-windows-x86_64 1.0.1 15.00 102.00 117.00 OK
r-patched-linux-x86_64 1.0.1 12.80 98.82 111.62 OK
r-release-linux-x86_64 1.0.1 12.81 99.01 111.82 OK
r-release-macos-arm64 1.0.1 5.00 43.00 48.00 OK
r-release-macos-x86_64 1.0.1 8.00 50.00 58.00 OK
r-release-windows-x86_64 1.0.1 17.00 105.00 122.00 OK
r-oldrel-macos-arm64 1.0.1 6.00 41.00 47.00 OK
r-oldrel-macos-x86_64 1.0.1 9.00 58.00 67.00 OK
r-oldrel-windows-x86_64 1.0.1 22.00 134.00 156.00 OK

Check Details

Version: 1.0.1
Check: CRAN incoming feasibility
Result: NOTE Maintainer: ‘Mamadou Yauck <yauck.mamadou@uqam.ca>’ No Authors@R field in DESCRIPTION. Please add one, modifying Authors@R: c(person(given = "Mamadou", family = "Yauck", role = c("aut", "cre"), email = "yauck.mamadou@uqam.ca"), person(given = c("Erica", "E.", "M."), family = "Moodie", role = "aut")) as necessary. Flavors: r-devel-linux-x86_64-debian-clang, r-devel-linux-x86_64-debian-gcc