CRAN Package Check Results for Package NetworkComparisonTest

Last updated on 2025-10-22 09:50:42 CEST.

Flavor Version Tinstall Tcheck Ttotal Status Flags
r-devel-linux-x86_64-debian-clang 2.2.2 16.82 148.97 165.79 NOTE
r-devel-linux-x86_64-debian-gcc 2.2.2 12.10 102.88 114.98 NOTE
r-devel-linux-x86_64-fedora-clang 2.2.2 44.00 207.95 251.95 OK
r-devel-linux-x86_64-fedora-gcc 2.2.2 34.00 201.45 235.45 OK
r-devel-windows-x86_64 2.2.2 19.00 144.00 163.00 OK
r-patched-linux-x86_64 2.2.2 15.55 138.76 154.31 OK
r-release-linux-x86_64 2.2.2 14.87 135.61 150.48 OK
r-release-macos-arm64 2.2.2 7.00 58.00 65.00 OK
r-release-macos-x86_64 2.2.2 13.00 111.00 124.00 OK
r-release-windows-x86_64 2.2.2 19.00 144.00 163.00 OK
r-oldrel-macos-arm64 2.2.2 7.00 47.00 54.00 OK
r-oldrel-macos-x86_64 2.2.2 10.00 84.00 94.00 OK
r-oldrel-windows-x86_64 2.2.2 25.00 185.00 210.00 OK

Check Details

Version: 2.2.2
Check: HTML version of manual
Result: NOTE Found the following HTML validation problems: plot.NCT.html:58:1 (plot.NCT.Rd:17): Warning: missing </ul> before </div> summary.NCT.html:51:1 (summary.NCT.Rd:12): Warning: missing </ul> before </div> Flavors: r-devel-linux-x86_64-debian-clang, r-devel-linux-x86_64-debian-gcc