Last updated on 2025-10-22 09:50:43 CEST.
Flavor | Version | Tinstall | Tcheck | Ttotal | Status | Flags |
---|---|---|---|---|---|---|
r-devel-linux-x86_64-debian-clang | 1.0.0 | 3.26 | 32.09 | 35.35 | OK | |
r-devel-linux-x86_64-debian-gcc | 1.0.0 | 2.54 | 24.71 | 27.25 | OK | |
r-devel-linux-x86_64-fedora-clang | 1.0.0 | 53.55 | OK | |||
r-devel-linux-x86_64-fedora-gcc | 1.0.0 | 50.39 | OK | |||
r-devel-windows-x86_64 | 1.0.0 | 6.00 | 53.00 | 59.00 | OK | |
r-patched-linux-x86_64 | 1.0.0 | 3.20 | 30.16 | 33.36 | OK | |
r-release-linux-x86_64 | 1.0.0 | 3.19 | 30.01 | 33.20 | OK | |
r-release-macos-arm64 | 1.0.0 | 2.00 | 22.00 | 24.00 | OK | |
r-release-macos-x86_64 | 1.0.0 | 3.00 | 34.00 | 37.00 | OK | |
r-release-windows-x86_64 | 1.0.0 | 5.00 | 54.00 | 59.00 | OK | |
r-oldrel-macos-arm64 | 1.0.0 | 2.00 | 20.00 | 22.00 | NOTE | |
r-oldrel-macos-x86_64 | 1.0.0 | 3.00 | 27.00 | 30.00 | NOTE | |
r-oldrel-windows-x86_64 | 1.0.0 | 6.00 | 60.00 | 66.00 | NOTE |
Version: 1.0.0
Check: LazyData
Result: NOTE
'LazyData' is specified without a 'data' directory
Flavors: r-oldrel-macos-arm64, r-oldrel-macos-x86_64, r-oldrel-windows-x86_64