Last updated on 2025-10-22 09:50:43 CEST.
Flavor | Version | Tinstall | Tcheck | Ttotal | Status | Flags |
---|---|---|---|---|---|---|
r-devel-linux-x86_64-debian-clang | 0.1.2 | 2.51 | 25.10 | 27.61 | NOTE | |
r-devel-linux-x86_64-debian-gcc | 0.1.2 | 1.86 | 20.49 | 22.35 | NOTE | |
r-devel-linux-x86_64-fedora-clang | 0.1.2 | 41.04 | OK | |||
r-devel-linux-x86_64-fedora-gcc | 0.1.2 | 39.00 | OK | |||
r-devel-windows-x86_64 | 0.1.2 | 4.00 | 43.00 | 47.00 | OK | |
r-patched-linux-x86_64 | 0.1.2 | 2.70 | 23.64 | 26.34 | OK | |
r-release-linux-x86_64 | 0.1.2 | 1.99 | 23.48 | 25.47 | OK | |
r-release-macos-arm64 | 0.1.2 | 2.00 | 17.00 | 19.00 | OK | |
r-release-macos-x86_64 | 0.1.2 | 2.00 | 26.00 | 28.00 | OK | |
r-release-windows-x86_64 | 0.1.2 | 4.00 | 44.00 | 48.00 | OK | |
r-oldrel-macos-arm64 | 0.1.2 | 1.00 | 15.00 | 16.00 | OK | |
r-oldrel-macos-x86_64 | 0.1.2 | 2.00 | 21.00 | 23.00 | OK | |
r-oldrel-windows-x86_64 | 0.1.2 | 5.00 | 48.00 | 53.00 | OK |
Version: 0.1.2
Check: HTML version of manual
Result: NOTE
Found the following HTML validation problems:
generate_contrast.html:64:1 (generate_contrast.Rd:24): Warning: missing </ul> before </div>
phi.html:50:1 (phi.Rd:12): Warning: missing </ul> before </div>
Flavors: r-devel-linux-x86_64-debian-clang, r-devel-linux-x86_64-debian-gcc