CRAN Package Check Results for Package OddsPlotty

Last updated on 2025-07-03 09:50:48 CEST.

Flavor Version Tinstall Tcheck Ttotal Status Flags
r-devel-linux-x86_64-debian-clang 1.0.2 5.53 59.29 64.82 OK
r-devel-linux-x86_64-debian-gcc 1.0.2 3.74 43.51 47.25 OK
r-devel-linux-x86_64-fedora-clang 1.0.2 102.48 NOTE
r-devel-linux-x86_64-fedora-gcc 1.0.2 108.77 NOTE
r-devel-windows-x86_64 1.0.2 8.00 70.00 78.00 OK
r-patched-linux-x86_64 1.0.2 5.36 56.37 61.73 OK
r-release-linux-x86_64 1.0.2 5.19 55.75 60.94 OK
r-release-macos-arm64 1.0.2 38.00 OK
r-release-macos-x86_64 1.0.2 65.00 OK
r-release-windows-x86_64 1.0.2 7.00 73.00 80.00 OK
r-oldrel-macos-arm64 1.0.2 39.00 OK
r-oldrel-macos-x86_64 1.0.2 62.00 OK
r-oldrel-windows-x86_64 1.0.2 9.00 86.00 95.00 OK

Check Details

Version: 1.0.2
Check: dependencies in R code
Result: NOTE Namespaces in Imports field not imported from: ‘caret’ ‘e1071’ ‘ggthemes’ ‘mlbench’ ‘rmarkdown’ ‘tidymodels’ All declared Imports should be used. Flavors: r-devel-linux-x86_64-fedora-clang, r-devel-linux-x86_64-fedora-gcc