CRAN Package Check Results for Package OpenStreetMap

Last updated on 2025-07-03 09:50:48 CEST.

Flavor Version Tinstall Tcheck Ttotal Status Flags
r-devel-linux-x86_64-debian-clang 0.4.0 35.43 271.05 306.48 NOTE
r-devel-linux-x86_64-debian-gcc 0.4.0 21.85 170.45 192.30 NOTE
r-devel-linux-x86_64-fedora-clang 0.4.0 499.97 OK
r-devel-linux-x86_64-fedora-gcc 0.4.0 471.63 OK
r-devel-windows-x86_64 0.4.0 29.00 202.00 231.00 OK
r-patched-linux-x86_64 0.4.0 31.75 260.27 292.02 OK
r-release-linux-x86_64 0.4.0 31.54 254.61 286.15 OK
r-release-macos-arm64 0.4.0 124.00 OK
r-release-macos-x86_64 0.4.0 221.00 OK
r-release-windows-x86_64 0.4.0 31.00 204.00 235.00 OK
r-oldrel-macos-arm64 0.4.0 96.00 OK
r-oldrel-macos-x86_64 0.4.0 173.00 OK
r-oldrel-windows-x86_64 0.4.0 43.00 284.00 327.00 OK

Check Details

Version: 0.4.0
Check: CRAN incoming feasibility
Result: NOTE Maintainer: ‘Ian Fellows <ian@fellstat.com>’ No Authors@R field in DESCRIPTION. Please add one, modifying Authors@R: c(person(given = "Ian", family = "Fellows", role = c("aut", "cre"), email = "ian@fellstat.com"), person(given = c("using", "the", "JMapViewer", "library", "by", "Jan", "Peter"), family = "Stotz", role = "aut")) as necessary. Flavors: r-devel-linux-x86_64-debian-clang, r-devel-linux-x86_64-debian-gcc