Last updated on 2025-07-03 09:50:48 CEST.
Flavor | Version | Tinstall | Tcheck | Ttotal | Status | Flags |
---|---|---|---|---|---|---|
r-devel-linux-x86_64-debian-clang | 1.0.2.1 | 10.65 | 54.18 | 64.83 | OK | |
r-devel-linux-x86_64-debian-gcc | 1.0.2.1 | 6.81 | 36.50 | 43.31 | OK | |
r-devel-linux-x86_64-fedora-clang | 1.0.2.1 | 102.38 | OK | |||
r-devel-linux-x86_64-fedora-gcc | 1.0.2.1 | 94.67 | OK | |||
r-devel-windows-x86_64 | 1.0.2.1 | 12.00 | 71.00 | 83.00 | OK | |
r-patched-linux-x86_64 | 1.0.2.1 | 8.98 | 49.04 | 58.02 | OK | |
r-release-linux-x86_64 | 1.0.2.1 | 9.70 | 50.50 | 60.20 | OK | |
r-release-macos-arm64 | 1.0.2.1 | 31.00 | OK | |||
r-release-macos-x86_64 | 1.0.2.1 | 57.00 | OK | |||
r-release-windows-x86_64 | 1.0.2.1 | 12.00 | 71.00 | 83.00 | OK | |
r-oldrel-macos-arm64 | 1.0.2.1 | 32.00 | NOTE | |||
r-oldrel-macos-x86_64 | 1.0.2.1 | 58.00 | NOTE | |||
r-oldrel-windows-x86_64 | 1.0.2.1 | 14.00 | 80.00 | 94.00 | NOTE |
Version: 1.0.2.1
Check: package dependencies
Result: NOTE
Package which this enhances but not available for checking: ‘gurobi’
Flavors: r-oldrel-macos-arm64, r-oldrel-macos-x86_64, r-oldrel-windows-x86_64