CRAN Package Check Results for Package PBNPA

Last updated on 2025-10-22 09:50:44 CEST.

Flavor Version Tinstall Tcheck Ttotal Status Flags
r-devel-linux-x86_64-debian-clang 0.0.3 1.64 20.91 22.55 OK
r-devel-linux-x86_64-debian-gcc 0.0.3 1.42 16.49 17.91 OK
r-devel-linux-x86_64-fedora-clang 0.0.3 34.52 OK
r-devel-linux-x86_64-fedora-gcc 0.0.3 32.44 OK
r-devel-windows-x86_64 0.0.3 3.00 39.00 42.00 OK
r-patched-linux-x86_64 0.0.3 1.66 20.02 21.68 OK
r-release-linux-x86_64 0.0.3 1.53 19.93 21.46 OK
r-release-macos-arm64 0.0.3 1.00 14.00 15.00 OK
r-release-macos-x86_64 0.0.3 2.00 22.00 24.00 OK
r-release-windows-x86_64 0.0.3 3.00 41.00 44.00 OK
r-oldrel-macos-arm64 0.0.3 1.00 14.00 15.00 NOTE
r-oldrel-macos-x86_64 0.0.3 1.00 18.00 19.00 NOTE
r-oldrel-windows-x86_64 0.0.3 4.00 45.00 49.00 NOTE

Check Details

Version: 0.0.3
Check: LazyData
Result: NOTE 'LazyData' is specified without a 'data' directory Flavors: r-oldrel-macos-arm64, r-oldrel-macos-x86_64, r-oldrel-windows-x86_64