Last updated on 2025-10-22 09:50:44 CEST.
Flavor | Version | Tinstall | Tcheck | Ttotal | Status | Flags |
---|---|---|---|---|---|---|
r-devel-linux-x86_64-debian-clang | 0.8.0 | 6.26 | 61.62 | 67.88 | OK | |
r-devel-linux-x86_64-debian-gcc | 0.8.0 | 4.16 | 44.67 | 48.83 | OK | |
r-devel-linux-x86_64-fedora-clang | 0.8.0 | 18.00 | 87.33 | 105.33 | NOTE | |
r-devel-linux-x86_64-fedora-gcc | 0.8.0 | 12.00 | 86.46 | 98.46 | NOTE | |
r-devel-windows-x86_64 | 0.8.0 | 8.00 | 70.00 | 78.00 | OK | |
r-patched-linux-x86_64 | 0.8.0 | 5.96 | 57.73 | 63.69 | OK | |
r-release-linux-x86_64 | 0.8.0 | 4.47 | 58.32 | 62.79 | OK | |
r-release-macos-arm64 | 0.8.0 | 2.00 | 24.00 | 26.00 | OK | |
r-release-macos-x86_64 | 0.8.0 | 5.00 | 44.00 | 49.00 | OK | |
r-release-windows-x86_64 | 0.8.0 | 8.00 | 70.00 | 78.00 | OK | |
r-oldrel-macos-arm64 | 0.8.0 | 2.00 | 24.00 | 26.00 | NOTE | |
r-oldrel-macos-x86_64 | 0.8.0 | 4.00 | 39.00 | 43.00 | NOTE | |
r-oldrel-windows-x86_64 | 0.8.0 | 10.00 | 90.00 | 100.00 | NOTE |
Version: 0.8.0
Check: dependencies in R code
Result: NOTE
Namespaces in Imports field not imported from:
‘Matrix’ ‘pander’
All declared Imports should be used.
Flavors: r-devel-linux-x86_64-fedora-clang, r-devel-linux-x86_64-fedora-gcc
Version: 0.8.0
Check: LazyData
Result: NOTE
'LazyData' is specified without a 'data' directory
Flavors: r-oldrel-macos-arm64, r-oldrel-macos-x86_64, r-oldrel-windows-x86_64