Last updated on 2025-10-22 09:50:44 CEST.
Flavor | Version | Tinstall | Tcheck | Ttotal | Status | Flags |
---|---|---|---|---|---|---|
r-devel-linux-x86_64-debian-clang | 2.7.2 | 7.38 | 58.78 | 66.16 | NOTE | |
r-devel-linux-x86_64-debian-gcc | 2.7.2 | 5.41 | 44.30 | 49.71 | NOTE | |
r-devel-linux-x86_64-fedora-clang | 2.7.2 | 19.00 | 84.94 | 103.94 | OK | |
r-devel-linux-x86_64-fedora-gcc | 2.7.2 | 13.00 | 82.26 | 95.26 | OK | |
r-devel-windows-x86_64 | 2.7.2 | 8.00 | 69.00 | 77.00 | OK | |
r-patched-linux-x86_64 | 2.7.2 | 6.28 | 56.10 | 62.38 | OK | |
r-release-linux-x86_64 | 2.7.2 | 5.94 | 56.15 | 62.09 | OK | |
r-release-macos-arm64 | 2.7.2 | 4.00 | 32.00 | 36.00 | OK | |
r-release-macos-x86_64 | 2.7.2 | 5.00 | 53.00 | 58.00 | OK | |
r-release-windows-x86_64 | 2.7.2 | 7.00 | 71.00 | 78.00 | OK | |
r-oldrel-macos-arm64 | 2.7.2 | 3.00 | 28.00 | 31.00 | OK | |
r-oldrel-macos-x86_64 | 2.7.2 | 5.00 | 41.00 | 46.00 | OK | |
r-oldrel-windows-x86_64 | 2.7.2 | 10.00 | 84.00 | 94.00 | OK |
Version: 2.7.2
Check: CRAN incoming feasibility
Result: NOTE
Maintainer: ‘Kristof Meers <kristof.meers+cran@kuleuven.be>’
No Authors@R field in DESCRIPTION.
Please add one, modifying
Authors@R: c(person(given = "Marlies",
family = "Vervloet",
role = c("aut", "cre")),
person(given = "Henk",
family = "Kiers",
role = "aut"),
person(given = "Eva",
family = "Ceulemans",
role = "ctb"),
person(given = "Kristof",
family = "Meers",
role = "cre",
email = "kristof.meers+cran@kuleuven.be"))
as necessary.
Flavors: r-devel-linux-x86_64-debian-clang, r-devel-linux-x86_64-debian-gcc