CRAN Package Check Results for Package PERMANOVA

Last updated on 2025-07-04 09:49:58 CEST.

Flavor Version Tinstall Tcheck Ttotal Status Flags
r-devel-linux-x86_64-debian-clang 0.2.0 13.69 88.02 101.71 NOTE
r-devel-linux-x86_64-debian-gcc 0.2.0 8.39 61.21 69.60 NOTE
r-devel-linux-x86_64-fedora-clang 0.2.0 167.64 OK
r-devel-linux-x86_64-fedora-gcc 0.2.0 148.91 OK
r-devel-windows-x86_64 0.2.0 13.00 100.00 113.00 OK
r-patched-linux-x86_64 0.2.0 13.98 82.81 96.79 OK
r-release-linux-x86_64 0.2.0 10.61 82.28 92.89 OK
r-release-macos-arm64 0.2.0 49.00 OK
r-release-macos-x86_64 0.2.0 81.00 OK
r-release-windows-x86_64 0.2.0 13.00 98.00 111.00 OK
r-oldrel-macos-arm64 0.2.0 38.00 OK
r-oldrel-macos-x86_64 0.2.0 70.00 OK
r-oldrel-windows-x86_64 0.2.0 18.00 125.00 143.00 OK

Check Details

Version: 0.2.0
Check: CRAN incoming feasibility
Result: NOTE Maintainer: ‘Laura Vicente-Gonzalez <laura20vg@usal.es>’ No Authors@R field in DESCRIPTION. Please add one, modifying Authors@R: c(person(given = "Laura", family = "Vicente-Gonzalez", role = c("aut", "cre"), email = "laura20vg@usal.es"), person(given = c("Jose", "Luis"), family = "Vicente-Villardon", role = "aut")) as necessary. Flavors: r-devel-linux-x86_64-debian-clang, r-devel-linux-x86_64-debian-gcc