Last updated on 2025-07-04 09:49:59 CEST.
Flavor | Version | Tinstall | Tcheck | Ttotal | Status | Flags |
---|---|---|---|---|---|---|
r-devel-linux-x86_64-debian-clang | 1.0.1 | 3.20 | 38.15 | 41.35 | NOTE | |
r-devel-linux-x86_64-debian-gcc | 1.0.1 | 2.11 | 27.75 | 29.86 | NOTE | |
r-devel-linux-x86_64-fedora-clang | 1.0.1 | 67.21 | OK | |||
r-devel-linux-x86_64-fedora-gcc | 1.0.1 | 60.95 | OK | |||
r-devel-windows-x86_64 | 1.0.1 | 4.00 | 60.00 | 64.00 | OK | |
r-patched-linux-x86_64 | 1.0.1 | 3.09 | 35.93 | 39.02 | OK | |
r-release-linux-x86_64 | 1.0.1 | 2.93 | 35.95 | 38.88 | OK | |
r-release-macos-arm64 | 1.0.1 | 28.00 | OK | |||
r-release-macos-x86_64 | 1.0.1 | 42.00 | OK | |||
r-release-windows-x86_64 | 1.0.1 | 5.00 | 59.00 | 64.00 | OK | |
r-oldrel-macos-arm64 | 1.0.1 | 22.00 | OK | |||
r-oldrel-macos-x86_64 | 1.0.1 | 32.00 | OK | |||
r-oldrel-windows-x86_64 | 1.0.1 | 5.00 | 70.00 | 75.00 | OK |
Version: 1.0.1
Check: CRAN incoming feasibility
Result: NOTE
Maintainer: ‘Gavin Douglas <gavinmdouglas@gmail.com>’
Package CITATION file contains call(s) to old-style citEntry(). Please
use bibentry() instead.
Flavors: r-devel-linux-x86_64-debian-clang, r-devel-linux-x86_64-debian-gcc