Last updated on 2025-07-04 09:49:59 CEST.
Flavor | Version | Tinstall | Tcheck | Ttotal | Status | Flags |
---|---|---|---|---|---|---|
r-devel-linux-x86_64-debian-clang | 0.2.0 | 6.84 | 45.90 | 52.74 | OK | |
r-devel-linux-x86_64-debian-gcc | 0.2.0 | 5.39 | 34.25 | 39.64 | OK | |
r-devel-linux-x86_64-fedora-clang | 0.2.0 | 83.51 | OK | |||
r-devel-linux-x86_64-fedora-gcc | 0.2.0 | 76.34 | OK | |||
r-devel-windows-x86_64 | 0.2.0 | 10.00 | 61.00 | 71.00 | OK | |
r-patched-linux-x86_64 | 0.2.0 | 6.99 | 42.19 | 49.18 | OK | |
r-release-linux-x86_64 | 0.2.0 | 5.85 | 41.71 | 47.56 | OK | |
r-release-macos-arm64 | 0.2.0 | 28.00 | OK | |||
r-release-macos-x86_64 | 0.2.0 | 60.00 | OK | |||
r-release-windows-x86_64 | 0.2.0 | 8.00 | 61.00 | 69.00 | OK | |
r-oldrel-macos-arm64 | 0.2.0 | 27.00 | NOTE | |||
r-oldrel-macos-x86_64 | 0.2.0 | 47.00 | NOTE | |||
r-oldrel-windows-x86_64 | 0.2.0 | 11.00 | 73.00 | 84.00 | OK |
Version: 0.2.0
Check: installed package size
Result: NOTE
installed size is 5.0Mb
sub-directories of 1Mb or more:
data 4.9Mb
Flavors: r-oldrel-macos-arm64, r-oldrel-macos-x86_64