Last updated on 2025-07-04 09:49:59 CEST.
Flavor | Version | Tinstall | Tcheck | Ttotal | Status | Flags |
---|---|---|---|---|---|---|
r-devel-linux-x86_64-debian-clang | 1.1-3 | 8.21 | 60.25 | 68.46 | NOTE | |
r-devel-linux-x86_64-debian-gcc | 1.1-3 | 6.12 | 44.35 | 50.47 | NOTE | |
r-devel-linux-x86_64-fedora-clang | 1.1-3 | 107.95 | OK | |||
r-devel-linux-x86_64-fedora-gcc | 1.1-3 | 99.40 | OK | |||
r-devel-windows-x86_64 | 1.1-3 | 8.00 | 71.00 | 79.00 | OK | |
r-patched-linux-x86_64 | 1.1-3 | 7.35 | 56.38 | 63.73 | OK | |
r-release-linux-x86_64 | 1.1-3 | 5.89 | 56.11 | 62.00 | OK | |
r-release-macos-arm64 | 1.1-3 | 29.00 | OK | |||
r-release-macos-x86_64 | 1.1-3 | 76.00 | OK | |||
r-release-windows-x86_64 | 1.1-3 | 8.00 | 74.00 | 82.00 | OK | |
r-oldrel-macos-arm64 | 1.1-3 | 30.00 | OK | |||
r-oldrel-macos-x86_64 | 1.1-3 | 42.00 | OK | |||
r-oldrel-windows-x86_64 | 1.1-3 | 13.00 | 85.00 | 98.00 | OK |
Version: 1.1-3
Check: CRAN incoming feasibility
Result: NOTE
Maintainer: ‘Huzhang Mao <huzhangmao@gmail.com>’
No Authors@R field in DESCRIPTION.
Please add one, modifying
Authors@R: c(person(given = "Huzhang",
family = "Mao",
role = c("aut", "cre"),
email = "huzhangmao@gmail.com"),
person(given = "Liang",
family = "Li",
role = "aut",
email = "LLi15@mdanderson.org"))
as necessary.
Flavors: r-devel-linux-x86_64-debian-clang, r-devel-linux-x86_64-debian-gcc