Last updated on 2025-10-22 09:50:47 CEST.
Flavor | Version | Tinstall | Tcheck | Ttotal | Status | Flags |
---|---|---|---|---|---|---|
r-devel-linux-x86_64-debian-clang | 1.1.3 | 21.34 | 242.89 | 264.23 | NOTE | |
r-devel-linux-x86_64-debian-gcc | 1.1.3 | 12.14 | 166.85 | 178.99 | NOTE | |
r-devel-linux-x86_64-fedora-clang | 1.1.3 | 49.00 | 347.27 | 396.27 | NOTE | |
r-devel-linux-x86_64-fedora-gcc | 1.1.3 | 42.00 | 348.40 | 390.40 | NOTE | |
r-devel-windows-x86_64 | 1.1.3 | 21.00 | 240.00 | 261.00 | OK | |
r-patched-linux-x86_64 | 1.1.3 | 19.90 | 226.72 | 246.62 | OK | |
r-release-linux-x86_64 | 1.1.3 | 16.42 | 226.37 | 242.79 | OK | |
r-release-macos-arm64 | 1.1.3 | 8.00 | 93.00 | 101.00 | OK | |
r-release-macos-x86_64 | 1.1.3 | 21.00 | 155.00 | 176.00 | OK | |
r-release-windows-x86_64 | 1.1.3 | 23.00 | 243.00 | 266.00 | OK | |
r-oldrel-macos-arm64 | 1.1.3 | 8.00 | 91.00 | 99.00 | NOTE | |
r-oldrel-macos-x86_64 | 1.1.3 | 15.00 | 133.00 | 148.00 | NOTE | |
r-oldrel-windows-x86_64 | 1.1.3 | 29.00 | 317.00 | 346.00 | NOTE |
Version: 1.1.3
Check: HTML version of manual
Result: NOTE
Found the following HTML validation problems:
QCMetaFilenames.html:99:1 (QCMetaFilenames.Rd:48): Warning: missing </ul> before </div>
checkEnglishLocale.html:48:1 (checkEnglishLocale.Rd:11): Warning: missing </ul> before </div>
print.PTXQC_table.html:51:1 (print.PTXQC_table.Rd:12): Warning: missing </ul> before </div>
Flavors: r-devel-linux-x86_64-debian-clang, r-devel-linux-x86_64-debian-gcc
Version: 1.1.3
Check: dependencies in R code
Result: NOTE
Namespace in Imports field not imported from: ‘rlang’
All declared Imports should be used.
Flavors: r-devel-linux-x86_64-fedora-clang, r-devel-linux-x86_64-fedora-gcc
Version: 1.1.3
Check: installed package size
Result: NOTE
installed size is 7.9Mb
sub-directories of 1Mb or more:
doc 4.0Mb
examples 2.6Mb
Flavors: r-oldrel-macos-arm64, r-oldrel-macos-x86_64, r-oldrel-windows-x86_64