CRAN Package Check Results for Package PUlasso

Last updated on 2025-07-04 09:50:00 CEST.

Flavor Version Tinstall Tcheck Ttotal Status Flags
r-devel-linux-x86_64-debian-clang 3.2.5 146.75 105.51 252.26 NOTE
r-devel-linux-x86_64-debian-gcc 3.2.5 116.69 82.83 199.52 ERROR
r-devel-linux-x86_64-fedora-clang 3.2.5 429.43 OK
r-devel-linux-x86_64-fedora-gcc 3.2.5 476.56 OK
r-devel-windows-x86_64 3.2.5 146.00 139.00 285.00 OK
r-patched-linux-x86_64 3.2.5 164.91 108.57 273.48 OK
r-release-linux-x86_64 3.2.5 161.32 108.42 269.74 OK
r-release-macos-arm64 3.2.5 112.00 OK
r-release-macos-x86_64 3.2.5 191.00 OK
r-release-windows-x86_64 3.2.5 155.00 140.00 295.00 OK
r-oldrel-macos-arm64 3.2.5 122.00 NOTE
r-oldrel-macos-x86_64 3.2.5 130.00 NOTE
r-oldrel-windows-x86_64 3.2.5 185.00 179.00 364.00 OK

Check Details

Version: 3.2.5
Check: CRAN incoming feasibility
Result: NOTE Maintainer: ‘Hyebin Song <hps5320@psu.edu>’ The Description field contains <arXiv:1711.08129>. Please refer to arXiv e-prints via their arXiv DOI <doi:10.48550/arXiv.YYMM.NNNNN>. Flavors: r-devel-linux-x86_64-debian-clang, r-devel-linux-x86_64-debian-gcc

Version: 3.2.5
Check: tests
Result: ERROR Running ‘testthat.R’ [6s/8s] Running the tests in ‘tests/testthat.R’ failed. Complete output: > library(testthat) > library(PUlasso) > > test_check("PUlasso") Fitting 0th lambda converged at 1th iterations Fitting 1th lambda converged at 62th iterations Fitting 2th lambda converged at 117th iterations Fitting 3th lambda converged at 136th iterations Fitting 4th lambda converged at 125th iterations Fitting 0th lambda converged at 1th iterations Fitting 1th lambda converged at 41th iterations Fitting 2th lambda converged at 41th iterations Fitting 3th lambda converged at 37th iterations Fitting 4th lambda converged at 31th iterations Fitting 0th lambda converged at 1th iterations Fitting 1th lambda converged at 41th iterations Fitting 2th lambda converged at 41th iterations Fitting 3th lambda converged at 37th iterations Fitting 4th lambda converged at 31th iterations [ FAIL 1 | WARN 0 | SKIP 0 | PASS 14 ] ══ Failed tests ════════════════════════════════════════════════════════════════ ── Failure ('test.R:47:3'): Input : Dense matrix ─────────────────────────────── max(abs(gn.svrg$coef - gn$coef)) is not strictly less than 0.001. Difference: 6.7e-05 [ FAIL 1 | WARN 0 | SKIP 0 | PASS 14 ] Error: Test failures Execution halted Flavor: r-devel-linux-x86_64-debian-gcc

Version: 3.2.5
Check: installed package size
Result: NOTE installed size is 40.9Mb sub-directories of 1Mb or more: libs 40.4Mb Flavors: r-oldrel-macos-arm64, r-oldrel-macos-x86_64