Last updated on 2025-10-22 09:50:47 CEST.
Flavor | Version | Tinstall | Tcheck | Ttotal | Status | Flags |
---|---|---|---|---|---|---|
r-devel-linux-x86_64-debian-clang | 0.5.0 | 7.19 | 108.90 | 116.09 | NOTE | |
r-devel-linux-x86_64-debian-gcc | 0.5.0 | 6.38 | 75.38 | 81.76 | NOTE | |
r-devel-linux-x86_64-fedora-clang | 0.5.0 | 18.00 | 161.93 | 179.93 | OK | |
r-devel-linux-x86_64-fedora-gcc | 0.5.0 | 16.00 | 174.33 | 190.33 | OK | |
r-devel-windows-x86_64 | 0.5.0 | 9.00 | 112.00 | 121.00 | OK | |
r-patched-linux-x86_64 | 0.5.0 | 7.97 | 103.09 | 111.06 | OK | |
r-release-linux-x86_64 | 0.5.0 | 8.52 | 102.17 | 110.69 | OK | |
r-release-macos-arm64 | 0.5.0 | 5.00 | 65.00 | 70.00 | OK | |
r-release-macos-x86_64 | 0.5.0 | 7.00 | 99.00 | 106.00 | OK | |
r-release-windows-x86_64 | 0.5.0 | 9.00 | 112.00 | 121.00 | OK | |
r-oldrel-macos-arm64 | 0.5.0 | 3.00 | 51.00 | 54.00 | OK | |
r-oldrel-macos-x86_64 | 0.5.0 | 6.00 | 81.00 | 87.00 | OK | |
r-oldrel-windows-x86_64 | 0.5.0 | 13.00 | 146.00 | 159.00 | OK |
Version: 0.5.0
Check: CRAN incoming feasibility
Result: NOTE
Maintainer: ‘Tianchen Xu <zjph602xutianchen@gmail.com>’
No Authors@R field in DESCRIPTION.
Please add one, modifying
Authors@R: person(given = "Tianchen",
family = "Xu",
role = c("aut", "cre"),
email = "zjph602xutianchen@gmail.com",
comment = c(ORCID = "0000-0002-0102-7630"))
as necessary.
Flavors: r-devel-linux-x86_64-debian-clang, r-devel-linux-x86_64-debian-gcc