CRAN Package Check Results for Package Pade

Last updated on 2025-10-22 09:50:43 CEST.

Flavor Version Tinstall Tcheck Ttotal Status Flags
r-devel-linux-x86_64-debian-clang 1.0.8 1.58 19.96 21.54 NOTE
r-devel-linux-x86_64-debian-gcc 1.0.8 1.27 16.55 17.82 NOTE
r-devel-linux-x86_64-fedora-clang 1.0.8 31.29 OK
r-devel-linux-x86_64-fedora-gcc 1.0.8 29.46 OK
r-devel-windows-x86_64 1.0.8 2.00 38.00 40.00 OK
r-patched-linux-x86_64 1.0.8 1.48 18.14 19.62 OK
r-release-linux-x86_64 1.0.8 1.51 18.17 19.68 OK
r-release-macos-arm64 1.0.8 1.00 15.00 16.00 OK
r-release-macos-x86_64 1.0.8 1.00 23.00 24.00 OK
r-release-windows-x86_64 1.0.8 3.00 39.00 42.00 OK
r-oldrel-macos-arm64 1.0.8 1.00 21.00 22.00 OK
r-oldrel-macos-x86_64 1.0.8 1.00 28.00 29.00 OK
r-oldrel-windows-x86_64 1.0.8 3.00 44.00 47.00 OK

Check Details

Version: 1.0.8
Check: top-level files
Result: NOTE Found the following validation problem for the NEWS.Rd HTML conversion: NEWS.html:324:1 (inst/NEWS.Rd:156): Warning: missing </ul> before </div> NEWS.html:67:1 (inst/NEWS.Rd:30): Warning: <h4> anchor "Changed" already defined NEWS.html:90:1 (inst/NEWS.Rd:42): Warning: <h4> anchor "Changed" already defined NEWS.html:114:1 (inst/NEWS.Rd:53): Warning: <h4> anchor "Changed" already defined NEWS.html:132:1 (inst/NEWS.Rd:62): Warning: <h4> anchor "Fixed" already defined NEWS.html:147:1 (inst/NEWS.Rd:70): Warning: <h4> anchor "Changed" already defined NEWS.html:180:1 (inst/NEWS.Rd:86): Warning: <h4> anchor "Changed" already defined NEWS.html:195:1 (inst/NEWS.Rd:94): Warning: <h4> anchor "Added" already defined NEWS.html:206:1 (inst/NEWS.Rd:99): Warning: <h4> anchor "Changed" already defined NEWS.html:224:1 (inst/NEWS.Rd:108): Warning: <h4> anchor "Changed" already defined NEWS.html:289:1 (inst/NEWS.Rd:142): Warning: <h4> anchor "Updates" already defined NEWS.html:310:1 (inst/NEWS.Rd:152): Warning: <h4> anchor "Added" already defined Flavors: r-devel-linux-x86_64-debian-clang, r-devel-linux-x86_64-debian-gcc