Last updated on 2025-10-22 09:50:45 CEST.
Flavor | Version | Tinstall | Tcheck | Ttotal | Status | Flags |
---|---|---|---|---|---|---|
r-devel-linux-x86_64-debian-clang | 1.0.3 | 14.78 | 111.60 | 126.38 | NOTE | |
r-devel-linux-x86_64-debian-gcc | 1.0.3 | 10.85 | 79.68 | 90.53 | NOTE | |
r-devel-linux-x86_64-fedora-clang | 1.0.3 | 35.00 | 169.37 | 204.37 | NOTE | |
r-devel-linux-x86_64-fedora-gcc | 1.0.3 | 33.00 | 152.34 | 185.34 | NOTE | |
r-devel-windows-x86_64 | 1.0.3 | 16.00 | 103.00 | 119.00 | NOTE | |
r-patched-linux-x86_64 | 1.0.3 | 14.60 | 106.27 | 120.87 | NOTE | |
r-release-linux-x86_64 | 1.0.3 | 12.91 | 106.02 | 118.93 | NOTE | |
r-release-macos-arm64 | 1.0.3 | 6.00 | 47.00 | 53.00 | NOTE | |
r-release-macos-x86_64 | 1.0.3 | 15.00 | 77.00 | 92.00 | NOTE | |
r-release-windows-x86_64 | 1.0.3 | 16.00 | 105.00 | 121.00 | NOTE | |
r-oldrel-macos-arm64 | 1.0.3 | 6.00 | 43.00 | 49.00 | NOTE | |
r-oldrel-macos-x86_64 | 1.0.3 | 9.00 | 60.00 | 69.00 | NOTE | |
r-oldrel-windows-x86_64 | 1.0.3 | 21.00 | 136.00 | 157.00 | NOTE |
Version: 1.0.3
Check: Rd files
Result: NOTE
checkRd: (-1) PhageCocktail.Rd:100-103: Lost braces
100 | "Result": {
| ^
checkRd: (-1) PhageCocktail.Rd:105-112: Lost braces
105 | "BacteriaLysed": {
| ^
Flavors: r-devel-linux-x86_64-debian-clang, r-devel-linux-x86_64-debian-gcc, r-devel-linux-x86_64-fedora-clang, r-devel-linux-x86_64-fedora-gcc, r-devel-windows-x86_64, r-patched-linux-x86_64, r-release-linux-x86_64, r-release-macos-arm64, r-release-macos-x86_64, r-release-windows-x86_64, r-oldrel-macos-arm64, r-oldrel-macos-x86_64, r-oldrel-windows-x86_64