Last updated on 2025-10-21 09:48:41 CEST.
Flavor | Version | Tinstall | Tcheck | Ttotal | Status | Flags |
---|---|---|---|---|---|---|
r-devel-linux-x86_64-debian-clang | 0.1.0 | 3.32 | 31.45 | 34.77 | NOTE | |
r-devel-linux-x86_64-debian-gcc | 0.1.0 | 2.51 | 24.42 | 26.93 | NOTE | |
r-devel-linux-x86_64-fedora-clang | 0.1.0 | 52.52 | OK | |||
r-devel-linux-x86_64-fedora-gcc | 0.1.0 | 49.88 | OK | |||
r-devel-windows-x86_64 | 0.1.0 | 5.00 | 47.00 | 52.00 | OK | |
r-patched-linux-x86_64 | 0.1.0 | 3.53 | 30.29 | 33.82 | OK | |
r-release-linux-x86_64 | 0.1.0 | 3.46 | 30.56 | 34.02 | OK | |
r-release-macos-arm64 | 0.1.0 | 21.00 | OK | |||
r-release-macos-x86_64 | 0.1.0 | 32.00 | OK | |||
r-release-windows-x86_64 | 0.1.0 | 6.00 | 49.00 | 55.00 | OK | |
r-oldrel-macos-arm64 | 0.1.0 | 21.00 | OK | |||
r-oldrel-macos-x86_64 | 0.1.0 | 28.00 | OK | |||
r-oldrel-windows-x86_64 | 0.1.0 | 6.00 | 53.00 | 59.00 | OK |
Version: 0.1.0
Check: CRAN incoming feasibility
Result: NOTE
Maintainer: ‘Chin Soon Lim <chinsoon12@hotmail.com>’
No Authors@R field in DESCRIPTION.
Please add one, modifying
Authors@R: person(given = c("Chin", "Soon"),
family = "Lim",
role = c("aut", "cre"),
email = "chinsoon12@hotmail.com")
as necessary.
The BugReports field in DESCRIPTION has
https://github.com/chinsoon12/PreKnitPostHTMLRender
which should likely be
https://github.com/chinsoon12/PreKnitPostHTMLRender/issues
instead.
Flavors: r-devel-linux-x86_64-debian-clang, r-devel-linux-x86_64-debian-gcc
Version: 0.1.0
Check: HTML version of manual
Result: NOTE
Found the following HTML validation problems:
eval_src.html:50:1 (eval_src.Rd:12): Warning: missing </ul> before </div>
post_html_render_proc.html:55:1 (post_html_render_proc.Rd:12): Warning: missing </ul> before </div>
pre_knit_proc.html:51:1 (pre_knit_proc.Rd:12): Warning: missing </ul> before </div>
run_code.html:50:1 (run_code.Rd:12): Warning: missing </ul> before </div>
Flavor: r-devel-linux-x86_64-debian-gcc