Last updated on 2025-07-04 09:49:59 CEST.
Flavor | Version | Tinstall | Tcheck | Ttotal | Status | Flags |
---|---|---|---|---|---|---|
r-devel-linux-x86_64-debian-clang | 1.0.2 | 10.17 | 88.85 | 99.02 | OK | |
r-devel-linux-x86_64-debian-gcc | 1.0.2 | 7.20 | 62.77 | 69.97 | OK | |
r-devel-linux-x86_64-fedora-clang | 1.0.2 | 154.38 | OK | |||
r-devel-linux-x86_64-fedora-gcc | 1.0.2 | 153.92 | OK | |||
r-devel-windows-x86_64 | 1.0.2 | 11.00 | 95.00 | 106.00 | OK | |
r-patched-linux-x86_64 | 1.0.2 | 9.02 | 81.79 | 90.81 | OK | |
r-release-linux-x86_64 | 1.0.2 | 9.10 | 81.95 | 91.05 | OK | |
r-release-macos-arm64 | 1.0.2 | 48.00 | OK | |||
r-release-macos-x86_64 | 1.0.2 | 87.00 | OK | |||
r-release-windows-x86_64 | 1.0.2 | 12.00 | 98.00 | 110.00 | OK | |
r-oldrel-macos-arm64 | 1.0.2 | 45.00 | NOTE | |||
r-oldrel-macos-x86_64 | 1.0.2 | 71.00 | NOTE | |||
r-oldrel-windows-x86_64 | 1.0.2 | 14.00 | 120.00 | 134.00 | NOTE |
Version: 1.0.2
Check: LazyData
Result: NOTE
'LazyData' is specified without a 'data' directory
Flavors: r-oldrel-macos-arm64, r-oldrel-macos-x86_64, r-oldrel-windows-x86_64